{"version":"1.0","provider_name":"Region Freiburg","provider_url":"https:\/\/fribourg.ch\/de\/","title":"Freiwillige","type":"rich","width":600,"height":338,"html":"<blockquote class=\"wp-embedded-content\" data-secret=\"5UnpXWNekY\"><a href=\"https:\/\/fribourg.ch\/de\/estavayer-payerne\/freiwillige-kilbi\/\">Freiwillige<\/a><\/blockquote><iframe sandbox=\"allow-scripts\" security=\"restricted\" src=\"https:\/\/fribourg.ch\/de\/estavayer-payerne\/freiwillige-kilbi\/embed\/#?secret=5UnpXWNekY\" width=\"600\" height=\"338\" title=\"&#8222;Freiwillige&#8220; &#8212; Region Freiburg\" data-secret=\"5UnpXWNekY\" frameborder=\"0\" marginwidth=\"0\" marginheight=\"0\" scrolling=\"no\" class=\"wp-embedded-content\"><\/iframe><script type=\"text\/javascript\">\n\/* <![CDATA[ *\/\n\/*! This file is auto-generated *\/\n!function(d,l){\"use strict\";l.querySelector&&d.addEventListener&&\"undefined\"!=typeof URL&&(d.wp=d.wp||{},d.wp.receiveEmbedMessage||(d.wp.receiveEmbedMessage=function(e){var t=e.data;if((t||t.secret||t.message||t.value)&&!\/[^a-zA-Z0-9]\/.test(t.secret)){for(var s,r,n,a=l.querySelectorAll('iframe[data-secret=\"'+t.secret+'\"]'),o=l.querySelectorAll('blockquote[data-secret=\"'+t.secret+'\"]'),c=new RegExp(\"^https?:$\",\"i\"),i=0;i<o.length;i++)o[i].style.display=\"none\";for(i=0;i<a.length;i++)s=a[i],e.source===s.contentWindow&&(s.removeAttribute(\"style\"),\"height\"===t.message?(1e3<(r=parseInt(t.value,10))?r=1e3:~~r<200&&(r=200),s.height=r):\"link\"===t.message&&(r=new URL(s.getAttribute(\"src\")),n=new URL(t.value),c.test(n.protocol))&&n.host===r.host&&l.activeElement===s&&(d.top.location.href=t.value))}},d.addEventListener(\"message\",d.wp.receiveEmbedMessage,!1),l.addEventListener(\"DOMContentLoaded\",function(){for(var e,t,s=l.querySelectorAll(\"iframe.wp-embedded-content\"),r=0;r<s.length;r++)(t=(e=s[r]).getAttribute(\"data-secret\"))||(t=Math.random().toString(36).substring(2,12),e.src+=\"#?secret=\"+t,e.setAttribute(\"data-secret\",t)),e.contentWindow.postMessage({message:\"ready\",secret:t},\"*\")},!1)))}(window,document);\n\/* ]]> *\/\n<\/script>\n","thumbnail_url":"https:\/\/fribourg.ch\/wp-content\/uploads\/2021\/08\/Menu-de-la-benichon-@Elise-Heuberger-1.jpg","thumbnail_width":2500,"thumbnail_height":1406,"description":"Freiwilligenarbeit f\u00fcr die Kilbi von Estavayer-le-Lac Die Klibi k\u00f6nnte ohne die wertvolle Unterst\u00fctzung zahlreicher freiwilliger Helferinnen und Helfer nicht stattfinden. Die Anmeldungen f\u00fcr einen freiwilligen Einsatz sind noch nicht ge\u00f6ffnet. Es ist noch etwas zu fr\u00fch, aber sie werden in K\u00fcrze er\u00f6ffnet.Interessierte Personen werden gebeten, diese Seite in den kommenden Wochen erneut zu besuchen, um [...]Weiterlesen..."}

Freiwilligenarbeit für die Kilbi von Estavayer-le-Lac Die Klibi könnte ohne die wertvolle Unterstützung zahlreicher freiwilliger Helferinnen und Helfer nicht stattfinden. Die Anmeldungen für einen freiwilligen Einsatz sind noch nicht geöffnet. Es ist noch etwas zu früh, aber sie werden in Kürze eröffnet.Interessierte Personen werden gebeten, diese Seite in den kommenden Wochen erneut zu besuchen, um [...]Weiterlesen...
