{"version":"1.0","provider_name":"Region Freiburg","provider_url":"https:\/\/fribourg.ch\/de\/","title":"100 Jahre Kathedrale St Nikolaus","type":"rich","width":600,"height":338,"html":"<blockquote class=\"wp-embedded-content\" data-secret=\"yiRfJMuORB\"><a href=\"https:\/\/fribourg.ch\/de\/freiburg\/100-jahre-kathedrale-st-nikolaus\/\">100 Jahre Kathedrale St Nikolaus<\/a><\/blockquote><iframe sandbox=\"allow-scripts\" security=\"restricted\" src=\"https:\/\/fribourg.ch\/de\/freiburg\/100-jahre-kathedrale-st-nikolaus\/embed\/#?secret=yiRfJMuORB\" width=\"600\" height=\"338\" title=\"&#8222;100 Jahre Kathedrale St Nikolaus&#8220; &#8212; Region Freiburg\" data-secret=\"yiRfJMuORB\" frameborder=\"0\" marginwidth=\"0\" marginheight=\"0\" scrolling=\"no\" class=\"wp-embedded-content\"><\/iframe><script type=\"text\/javascript\">\n\/* <![CDATA[ *\/\n\/*! This file is auto-generated *\/\n!function(d,l){\"use strict\";l.querySelector&&d.addEventListener&&\"undefined\"!=typeof URL&&(d.wp=d.wp||{},d.wp.receiveEmbedMessage||(d.wp.receiveEmbedMessage=function(e){var t=e.data;if((t||t.secret||t.message||t.value)&&!\/[^a-zA-Z0-9]\/.test(t.secret)){for(var s,r,n,a=l.querySelectorAll('iframe[data-secret=\"'+t.secret+'\"]'),o=l.querySelectorAll('blockquote[data-secret=\"'+t.secret+'\"]'),c=new RegExp(\"^https?:$\",\"i\"),i=0;i<o.length;i++)o[i].style.display=\"none\";for(i=0;i<a.length;i++)s=a[i],e.source===s.contentWindow&&(s.removeAttribute(\"style\"),\"height\"===t.message?(1e3<(r=parseInt(t.value,10))?r=1e3:~~r<200&&(r=200),s.height=r):\"link\"===t.message&&(r=new URL(s.getAttribute(\"src\")),n=new URL(t.value),c.test(n.protocol))&&n.host===r.host&&l.activeElement===s&&(d.top.location.href=t.value))}},d.addEventListener(\"message\",d.wp.receiveEmbedMessage,!1),l.addEventListener(\"DOMContentLoaded\",function(){for(var e,t,s=l.querySelectorAll(\"iframe.wp-embedded-content\"),r=0;r<s.length;r++)(t=(e=s[r]).getAttribute(\"data-secret\"))||(t=Math.random().toString(36).substring(2,12),e.src+=\"#?secret=\"+t,e.setAttribute(\"data-secret\",t)),e.contentWindow.postMessage({message:\"ready\",secret:t},\"*\")},!1)))}(window,document);\n\/* ]]> *\/\n<\/script>\n","thumbnail_url":"https:\/\/fribourg.ch\/wp-content\/uploads\/2022\/02\/Cathedrale-header_1.jpg","thumbnail_width":1920,"thumbnail_height":450,"description":"Die Kathedrale von Freiburg feiert ihr 100-j\u00e4hriges Bestehen Die Einwohner von Freiburg haben sie seit Jahrhunderten zu einem Symbol ihrer Stadt gemacht. Aber erst 1924 wurde die Stiftskirche St. Nikolaus zur Kathedrale der Di\u00f6zese von Lausanne, Genf und Freiburg. Um ihr 100-j\u00e4hriges Bestehen zu feiern, \u00f6ffnet die Kathedrale ihre T\u00fcren f\u00fcr Sie. Die Gelegenheit, bei [...]Weiterlesen..."}

Die Kathedrale von Freiburg feiert ihr 100-jähriges Bestehen Die Einwohner von Freiburg haben sie seit Jahrhunderten zu einem Symbol ihrer Stadt gemacht. Aber erst 1924 wurde die Stiftskirche St. Nikolaus zur Kathedrale der Diözese von Lausanne, Genf und Freiburg. Um ihr 100-jähriges Bestehen zu feiern, öffnet die Kathedrale ihre Türen für Sie. Die Gelegenheit, bei [...]Weiterlesen...
