{"version":"1.0","provider_name":"Region Freiburg","provider_url":"https:\/\/fribourg.ch\/de\/","title":"Freiburg heisst Sie willkommen!","type":"rich","width":600,"height":338,"html":"<blockquote class=\"wp-embedded-content\" data-secret=\"vShHlCuEP7\"><a href=\"https:\/\/fribourg.ch\/de\/freiburg\/freiburg-heisst-sie-willkommen\/\">Freiburg heisst Sie willkommen!<\/a><\/blockquote><iframe sandbox=\"allow-scripts\" security=\"restricted\" src=\"https:\/\/fribourg.ch\/de\/freiburg\/freiburg-heisst-sie-willkommen\/embed\/#?secret=vShHlCuEP7\" width=\"600\" height=\"338\" title=\"&#8222;Freiburg heisst Sie willkommen!&#8220; &#8212; Region Freiburg\" data-secret=\"vShHlCuEP7\" frameborder=\"0\" marginwidth=\"0\" marginheight=\"0\" scrolling=\"no\" class=\"wp-embedded-content\"><\/iframe><script type=\"text\/javascript\">\n\/* <![CDATA[ *\/\n\/*! This file is auto-generated *\/\n!function(d,l){\"use strict\";l.querySelector&&d.addEventListener&&\"undefined\"!=typeof URL&&(d.wp=d.wp||{},d.wp.receiveEmbedMessage||(d.wp.receiveEmbedMessage=function(e){var t=e.data;if((t||t.secret||t.message||t.value)&&!\/[^a-zA-Z0-9]\/.test(t.secret)){for(var s,r,n,a=l.querySelectorAll('iframe[data-secret=\"'+t.secret+'\"]'),o=l.querySelectorAll('blockquote[data-secret=\"'+t.secret+'\"]'),c=new RegExp(\"^https?:$\",\"i\"),i=0;i<o.length;i++)o[i].style.display=\"none\";for(i=0;i<a.length;i++)s=a[i],e.source===s.contentWindow&&(s.removeAttribute(\"style\"),\"height\"===t.message?(1e3<(r=parseInt(t.value,10))?r=1e3:~~r<200&&(r=200),s.height=r):\"link\"===t.message&&(r=new URL(s.getAttribute(\"src\")),n=new URL(t.value),c.test(n.protocol))&&n.host===r.host&&l.activeElement===s&&(d.top.location.href=t.value))}},d.addEventListener(\"message\",d.wp.receiveEmbedMessage,!1),l.addEventListener(\"DOMContentLoaded\",function(){for(var e,t,s=l.querySelectorAll(\"iframe.wp-embedded-content\"),r=0;r<s.length;r++)(t=(e=s[r]).getAttribute(\"data-secret\"))||(t=Math.random().toString(36).substring(2,12),e.src+=\"#?secret=\"+t,e.setAttribute(\"data-secret\",t)),e.contentWindow.postMessage({message:\"ready\",secret:t},\"*\")},!1)))}(window,document);\n\/* ]]> *\/\n<\/script>\n","thumbnail_url":"https:\/\/fribourg.ch\/wp-content\/uploads\/2022\/03\/DroneCollegeSt_Michel-91.jpg","thumbnail_width":1920,"thumbnail_height":450,"description":"Modern und mittelalterlich, bescheiden und strahlend, urban und von Natur umgeben, quirlig, aber doch \u00fcberschaubar: Freiburg ist voller Kontraste. Die Stadt findet hierin ihre Identit\u00e4t, sch\u00f6pft ihre Kraft aber auch aus ihrem ganz besonderen Talent, das Beste aus zwei Welten in sich zu vereinen\u2026 ein Symbol daf\u00fcr sind ihre majest\u00e4tischen Br\u00fccken \u00fcber die Saane \u2013 [...]Weiterlesen..."}

Modern und mittelalterlich, bescheiden und strahlend, urban und von Natur umgeben, quirlig, aber doch überschaubar: Freiburg ist voller Kontraste. Die Stadt findet hierin ihre Identität, schöpft ihre Kraft aber auch aus ihrem ganz besonderen Talent, das Beste aus zwei Welten in sich zu vereinen… ein Symbol dafür sind ihre majestätischen Brücken über die Saane – [...]Weiterlesen...
