{"version":"1.0","provider_name":"Region Freiburg","provider_url":"https:\/\/fribourg.ch\/de\/","title":"Fr\u00fchling in Freiburg","type":"rich","width":600,"height":338,"html":"<blockquote class=\"wp-embedded-content\" data-secret=\"19lyTWhqCn\"><a href=\"https:\/\/fribourg.ch\/de\/freiburg\/fruhling-im-freiburg\/\">Fr\u00fchling in Freiburg<\/a><\/blockquote><iframe sandbox=\"allow-scripts\" security=\"restricted\" src=\"https:\/\/fribourg.ch\/de\/freiburg\/fruhling-im-freiburg\/embed\/#?secret=19lyTWhqCn\" width=\"600\" height=\"338\" title=\"&#8222;Fr\u00fchling in Freiburg&#8220; &#8212; Region Freiburg\" data-secret=\"19lyTWhqCn\" frameborder=\"0\" marginwidth=\"0\" marginheight=\"0\" scrolling=\"no\" class=\"wp-embedded-content\"><\/iframe><script type=\"text\/javascript\">\n\/* <![CDATA[ *\/\n\/*! This file is auto-generated *\/\n!function(d,l){\"use strict\";l.querySelector&&d.addEventListener&&\"undefined\"!=typeof URL&&(d.wp=d.wp||{},d.wp.receiveEmbedMessage||(d.wp.receiveEmbedMessage=function(e){var t=e.data;if((t||t.secret||t.message||t.value)&&!\/[^a-zA-Z0-9]\/.test(t.secret)){for(var s,r,n,a=l.querySelectorAll('iframe[data-secret=\"'+t.secret+'\"]'),o=l.querySelectorAll('blockquote[data-secret=\"'+t.secret+'\"]'),c=new RegExp(\"^https?:$\",\"i\"),i=0;i<o.length;i++)o[i].style.display=\"none\";for(i=0;i<a.length;i++)s=a[i],e.source===s.contentWindow&&(s.removeAttribute(\"style\"),\"height\"===t.message?(1e3<(r=parseInt(t.value,10))?r=1e3:~~r<200&&(r=200),s.height=r):\"link\"===t.message&&(r=new URL(s.getAttribute(\"src\")),n=new URL(t.value),c.test(n.protocol))&&n.host===r.host&&l.activeElement===s&&(d.top.location.href=t.value))}},d.addEventListener(\"message\",d.wp.receiveEmbedMessage,!1),l.addEventListener(\"DOMContentLoaded\",function(){for(var e,t,s=l.querySelectorAll(\"iframe.wp-embedded-content\"),r=0;r<s.length;r++)(t=(e=s[r]).getAttribute(\"data-secret\"))||(t=Math.random().toString(36).substring(2,12),e.src+=\"#?secret=\"+t,e.setAttribute(\"data-secret\",t)),e.contentWindow.postMessage({message:\"ready\",secret:t},\"*\")},!1)))}(window,document);\n\/* ]]> *\/\n<\/script>\n","thumbnail_url":"https:\/\/fribourg.ch\/wp-content\/uploads\/2022\/03\/512019_Fribourg_Daylight-1920-x-450.jpg","thumbnail_width":1920,"thumbnail_height":450,"description":"Die Tage werden l\u00e4nger, die Sonne w\u00e4rmt die Atmosph\u00e4re, es ist Zeit, die bl\u00fchenden und belebten Strassen der Stadt wiederzufinden, die gerade aus dem Winter erwachen. Die Terrassen f\u00fcllen sich, die V\u00f6gel zwitschern\u2026 Ob zu Fuss oder mit dem Minizug, lassen Sie sich von Ihrer Neugier leiten und entdecken Sie die sch\u00f6nste erhaltene mittelalterliche Stadt [...]Weiterlesen..."}

Frühling in Freiburg

<blockquote class="wp-embedded-content" data-secret="19lyTWhqCn"><a href="https://fribourg.ch/de/freiburg/fruhling-im-freiburg/">Frühling in Freiburg</a></blockquote><iframe sandbox="allow-scripts" security="restricted" src="https://fribourg.ch/de/freiburg/fruhling-im-freiburg/embed/#?secret=19lyTWhqCn" width="600" height="338" title="&#8222;Frühling in Freiburg&#8220; &#8212; Region Freiburg" data-secret="19lyTWhqCn" frameborder="0" marginwidth="0" marginheight="0" scrolling="no" class="wp-embedded-content"></iframe><script type="text/javascript">
/* <![CDATA[ */
/*! This file is auto-generated */
!function(d,l){"use strict";l.querySelector&&d.addEventListener&&"undefined"!=typeof URL&&(d.wp=d.wp||{},d.wp.receiveEmbedMessage||(d.wp.receiveEmbedMessage=function(e){var t=e.data;if((t||t.secret||t.message||t.value)&&!/[^a-zA-Z0-9]/.test(t.secret)){for(var s,r,n,a=l.querySelectorAll('iframe[data-secret="'+t.secret+'"]'),o=l.querySelectorAll('blockquote[data-secret="'+t.secret+'"]'),c=new RegExp("^https?:$","i"),i=0;i<o.length;i++)o[i].style.display="none";for(i=0;i<a.length;i++)s=a[i],e.source===s.contentWindow&&(s.removeAttribute("style"),"height"===t.message?(1e3<(r=parseInt(t.value,10))?r=1e3:~~r<200&&(r=200),s.height=r):"link"===t.message&&(r=new URL(s.getAttribute("src")),n=new URL(t.value),c.test(n.protocol))&&n.host===r.host&&l.activeElement===s&&(d.top.location.href=t.value))}},d.addEventListener("message",d.wp.receiveEmbedMessage,!1),l.addEventListener("DOMContentLoaded",function(){for(var e,t,s=l.querySelectorAll("iframe.wp-embedded-content"),r=0;r<s.length;r++)(t=(e=s[r]).getAttribute("data-secret"))||(t=Math.random().toString(36).substring(2,12),e.src+="#?secret="+t,e.setAttribute("data-secret",t)),e.contentWindow.postMessage({message:"ready",secret:t},"*")},!1)))}(window,document);
/* ]]> */
</script>

Die Tage werden länger, die Sonne wärmt die Atmosphäre, es ist Zeit, die blühenden und belebten Strassen der Stadt wiederzufinden, die gerade aus dem Winter erwachen. Die Terrassen füllen sich, die Vögel zwitschern… Ob zu Fuss oder mit dem Minizug, lassen Sie sich von Ihrer Neugier leiten und entdecken Sie die schönste erhaltene mittelalterliche Stadt [...]Weiterlesen...
