{"version":"1.0","provider_name":"Region Freiburg","provider_url":"https:\/\/fribourg.ch\/de\/","title":"Die Bundesr\u00e4tin Elisabeth Baume-Schneider und der Jura vereint unter dem Trikot der Association Fribourg 2026.","type":"rich","width":600,"height":338,"html":"<blockquote class=\"wp-embedded-content\" data-secret=\"Wb4UVl5CPP\"><a href=\"https:\/\/fribourg.ch\/de\/fribourg2026\/news\/elisabeth-baume-schneider-jura\/\">Die Bundesr\u00e4tin Elisabeth Baume-Schneider und der Jura vereint unter dem Trikot der Association Fribourg 2026.<\/a><\/blockquote><iframe sandbox=\"allow-scripts\" security=\"restricted\" src=\"https:\/\/fribourg.ch\/de\/fribourg2026\/news\/elisabeth-baume-schneider-jura\/embed\/#?secret=Wb4UVl5CPP\" width=\"600\" height=\"338\" title=\"&#8222;Die Bundesr\u00e4tin Elisabeth Baume-Schneider und der Jura vereint unter dem Trikot der Association Fribourg 2026.&#8220; &#8212; Region Freiburg\" data-secret=\"Wb4UVl5CPP\" frameborder=\"0\" marginwidth=\"0\" marginheight=\"0\" scrolling=\"no\" class=\"wp-embedded-content\"><\/iframe><script type=\"text\/javascript\">\n\/* <![CDATA[ *\/\n\/*! This file is auto-generated *\/\n!function(d,l){\"use strict\";l.querySelector&&d.addEventListener&&\"undefined\"!=typeof URL&&(d.wp=d.wp||{},d.wp.receiveEmbedMessage||(d.wp.receiveEmbedMessage=function(e){var t=e.data;if((t||t.secret||t.message||t.value)&&!\/[^a-zA-Z0-9]\/.test(t.secret)){for(var s,r,n,a=l.querySelectorAll('iframe[data-secret=\"'+t.secret+'\"]'),o=l.querySelectorAll('blockquote[data-secret=\"'+t.secret+'\"]'),c=new RegExp(\"^https?:$\",\"i\"),i=0;i<o.length;i++)o[i].style.display=\"none\";for(i=0;i<a.length;i++)s=a[i],e.source===s.contentWindow&&(s.removeAttribute(\"style\"),\"height\"===t.message?(1e3<(r=parseInt(t.value,10))?r=1e3:~~r<200&&(r=200),s.height=r):\"link\"===t.message&&(r=new URL(s.getAttribute(\"src\")),n=new URL(t.value),c.test(n.protocol))&&n.host===r.host&&l.activeElement===s&&(d.top.location.href=t.value))}},d.addEventListener(\"message\",d.wp.receiveEmbedMessage,!1),l.addEventListener(\"DOMContentLoaded\",function(){for(var e,t,s=l.querySelectorAll(\"iframe.wp-embedded-content\"),r=0;r<s.length;r++)(t=(e=s[r]).getAttribute(\"data-secret\"))||(t=Math.random().toString(36).substring(2,12),e.src+=\"#?secret=\"+t,e.setAttribute(\"data-secret\",t)),e.contentWindow.postMessage({message:\"ready\",secret:t},\"*\")},!1)))}(window,document);\n\/* ]]> *\/\n<\/script>\n","thumbnail_url":"https:\/\/fribourg.ch\/wp-content\/uploads\/2025\/03\/Header_NEW_170924_AdrienPerritaz_HCFG_HCA_7671.jpg","thumbnail_width":1920,"thumbnail_height":450,"description":"Eishockeybegeistert zeigten sich die Bundesr\u00e4tin Elisabeth Baume-Schneider, in der Mitte, begleitet von der jurassischen Delegation, vertreten durch Nathalie Barthoulot, links, und Rosalie Beuret Siess, rechts, die gestern Abend ihre Unterst\u00fctzung f\u00fcr die Association Fribourg 2026 bekundeten, die f\u00fcr die Eishockey-Weltmeisterschaft 2026 der IIHF gegr\u00fcndet wurde. Dieses Ereignis fand w\u00e4hrend des Er\u00f6ffnungsspiels der Saison 24-25 zwischen [...]Weiterlesen..."}

Die Bundesrätin Elisabeth Baume-Schneider und der Jura vereint unter dem Trikot der Association Fribourg 2026.

<blockquote class="wp-embedded-content" data-secret="Wb4UVl5CPP"><a href="https://fribourg.ch/de/fribourg2026/news/elisabeth-baume-schneider-jura/">Die Bundesrätin Elisabeth Baume-Schneider und der Jura vereint unter dem Trikot der Association Fribourg 2026.</a></blockquote><iframe sandbox="allow-scripts" security="restricted" src="https://fribourg.ch/de/fribourg2026/news/elisabeth-baume-schneider-jura/embed/#?secret=Wb4UVl5CPP" width="600" height="338" title="&#8222;Die Bundesrätin Elisabeth Baume-Schneider und der Jura vereint unter dem Trikot der Association Fribourg 2026.&#8220; &#8212; Region Freiburg" data-secret="Wb4UVl5CPP" frameborder="0" marginwidth="0" marginheight="0" scrolling="no" class="wp-embedded-content"></iframe><script type="text/javascript">
/* <![CDATA[ */
/*! This file is auto-generated */
!function(d,l){"use strict";l.querySelector&&d.addEventListener&&"undefined"!=typeof URL&&(d.wp=d.wp||{},d.wp.receiveEmbedMessage||(d.wp.receiveEmbedMessage=function(e){var t=e.data;if((t||t.secret||t.message||t.value)&&!/[^a-zA-Z0-9]/.test(t.secret)){for(var s,r,n,a=l.querySelectorAll('iframe[data-secret="'+t.secret+'"]'),o=l.querySelectorAll('blockquote[data-secret="'+t.secret+'"]'),c=new RegExp("^https?:$","i"),i=0;i<o.length;i++)o[i].style.display="none";for(i=0;i<a.length;i++)s=a[i],e.source===s.contentWindow&&(s.removeAttribute("style"),"height"===t.message?(1e3<(r=parseInt(t.value,10))?r=1e3:~~r<200&&(r=200),s.height=r):"link"===t.message&&(r=new URL(s.getAttribute("src")),n=new URL(t.value),c.test(n.protocol))&&n.host===r.host&&l.activeElement===s&&(d.top.location.href=t.value))}},d.addEventListener("message",d.wp.receiveEmbedMessage,!1),l.addEventListener("DOMContentLoaded",function(){for(var e,t,s=l.querySelectorAll("iframe.wp-embedded-content"),r=0;r<s.length;r++)(t=(e=s[r]).getAttribute("data-secret"))||(t=Math.random().toString(36).substring(2,12),e.src+="#?secret="+t,e.setAttribute("data-secret",t)),e.contentWindow.postMessage({message:"ready",secret:t},"*")},!1)))}(window,document);
/* ]]> */
</script>

Eishockeybegeistert zeigten sich die Bundesrätin Elisabeth Baume-Schneider, in der Mitte, begleitet von der jurassischen Delegation, vertreten durch Nathalie Barthoulot, links, und Rosalie Beuret Siess, rechts, die gestern Abend ihre Unterstützung für die Association Fribourg 2026 bekundeten, die für die Eishockey-Weltmeisterschaft 2026 der IIHF gegründet wurde. Dieses Ereignis fand während des Eröffnungsspiels der Saison 24-25 zwischen [...]Weiterlesen...
