{"version":"1.0","provider_name":"Region Freiburg","provider_url":"https:\/\/fribourg.ch\/de\/","title":"Trekking La Gruy\u00e8re \u2013 H\u00fctten","type":"rich","width":600,"height":338,"html":"<blockquote class=\"wp-embedded-content\" data-secret=\"gmlN3frX2L\"><a href=\"https:\/\/fribourg.ch\/de\/la-gruyere\/trekking-la-gruyere-huetten\/\">Trekking La Gruy\u00e8re \u2013 H\u00fctten<\/a><\/blockquote><iframe sandbox=\"allow-scripts\" security=\"restricted\" src=\"https:\/\/fribourg.ch\/de\/la-gruyere\/trekking-la-gruyere-huetten\/embed\/#?secret=gmlN3frX2L\" width=\"600\" height=\"338\" title=\"&#8222;Trekking La Gruy\u00e8re \u2013 H\u00fctten&#8220; &#8212; Region Freiburg\" data-secret=\"gmlN3frX2L\" frameborder=\"0\" marginwidth=\"0\" marginheight=\"0\" scrolling=\"no\" class=\"wp-embedded-content\"><\/iframe><script type=\"text\/javascript\">\n\/* <![CDATA[ *\/\n\/*! This file is auto-generated *\/\n!function(d,l){\"use strict\";l.querySelector&&d.addEventListener&&\"undefined\"!=typeof URL&&(d.wp=d.wp||{},d.wp.receiveEmbedMessage||(d.wp.receiveEmbedMessage=function(e){var t=e.data;if((t||t.secret||t.message||t.value)&&!\/[^a-zA-Z0-9]\/.test(t.secret)){for(var s,r,n,a=l.querySelectorAll('iframe[data-secret=\"'+t.secret+'\"]'),o=l.querySelectorAll('blockquote[data-secret=\"'+t.secret+'\"]'),c=new RegExp(\"^https?:$\",\"i\"),i=0;i<o.length;i++)o[i].style.display=\"none\";for(i=0;i<a.length;i++)s=a[i],e.source===s.contentWindow&&(s.removeAttribute(\"style\"),\"height\"===t.message?(1e3<(r=parseInt(t.value,10))?r=1e3:~~r<200&&(r=200),s.height=r):\"link\"===t.message&&(r=new URL(s.getAttribute(\"src\")),n=new URL(t.value),c.test(n.protocol))&&n.host===r.host&&l.activeElement===s&&(d.top.location.href=t.value))}},d.addEventListener(\"message\",d.wp.receiveEmbedMessage,!1),l.addEventListener(\"DOMContentLoaded\",function(){for(var e,t,s=l.querySelectorAll(\"iframe.wp-embedded-content\"),r=0;r<s.length;r++)(t=(e=s[r]).getAttribute(\"data-secret\"))||(t=Math.random().toString(36).substring(2,12),e.src+=\"#?secret=\"+t,e.setAttribute(\"data-secret\",t)),e.contentWindow.postMessage({message:\"ready\",secret:t},\"*\")},!1)))}(window,document);\n\/* ]]> *\/\n<\/script>\n","thumbnail_url":"https:\/\/fribourg.ch\/wp-content\/uploads\/2025\/03\/Trekking_Cabane_Page_Interieure.jpg","thumbnail_width":2500,"thumbnail_height":450,"description":"2 N\u00e4chte und 3 Tage inmitten der Natur warten auf Sie! Diese Route richtet sich an Personen, die an steile und anspruchsvolle Wanderungen gew\u00f6hnt sind. An einigen Stellen kann das Niveau schwierig sein. Sind Sie ein Liebhaber weiter Landschaften? M\u00f6chten Sie eine mehrt\u00e4gige Wanderung unternehmen? Dann ist diese Trekking genau das Richtige f\u00fcr Sie! Begeben [...]Weiterlesen..."}

Trekking La Gruyère – Hütten

<blockquote class="wp-embedded-content" data-secret="gmlN3frX2L"><a href="https://fribourg.ch/de/la-gruyere/trekking-la-gruyere-huetten/">Trekking La Gruyère – Hütten</a></blockquote><iframe sandbox="allow-scripts" security="restricted" src="https://fribourg.ch/de/la-gruyere/trekking-la-gruyere-huetten/embed/#?secret=gmlN3frX2L" width="600" height="338" title="&#8222;Trekking La Gruyère – Hütten&#8220; &#8212; Region Freiburg" data-secret="gmlN3frX2L" frameborder="0" marginwidth="0" marginheight="0" scrolling="no" class="wp-embedded-content"></iframe><script type="text/javascript">
/* <![CDATA[ */
/*! This file is auto-generated */
!function(d,l){"use strict";l.querySelector&&d.addEventListener&&"undefined"!=typeof URL&&(d.wp=d.wp||{},d.wp.receiveEmbedMessage||(d.wp.receiveEmbedMessage=function(e){var t=e.data;if((t||t.secret||t.message||t.value)&&!/[^a-zA-Z0-9]/.test(t.secret)){for(var s,r,n,a=l.querySelectorAll('iframe[data-secret="'+t.secret+'"]'),o=l.querySelectorAll('blockquote[data-secret="'+t.secret+'"]'),c=new RegExp("^https?:$","i"),i=0;i<o.length;i++)o[i].style.display="none";for(i=0;i<a.length;i++)s=a[i],e.source===s.contentWindow&&(s.removeAttribute("style"),"height"===t.message?(1e3<(r=parseInt(t.value,10))?r=1e3:~~r<200&&(r=200),s.height=r):"link"===t.message&&(r=new URL(s.getAttribute("src")),n=new URL(t.value),c.test(n.protocol))&&n.host===r.host&&l.activeElement===s&&(d.top.location.href=t.value))}},d.addEventListener("message",d.wp.receiveEmbedMessage,!1),l.addEventListener("DOMContentLoaded",function(){for(var e,t,s=l.querySelectorAll("iframe.wp-embedded-content"),r=0;r<s.length;r++)(t=(e=s[r]).getAttribute("data-secret"))||(t=Math.random().toString(36).substring(2,12),e.src+="#?secret="+t,e.setAttribute("data-secret",t)),e.contentWindow.postMessage({message:"ready",secret:t},"*")},!1)))}(window,document);
/* ]]> */
</script>

2 Nächte und 3 Tage inmitten der Natur warten auf Sie! Diese Route richtet sich an Personen, die an steile und anspruchsvolle Wanderungen gewöhnt sind. An einigen Stellen kann das Niveau schwierig sein. Sind Sie ein Liebhaber weiter Landschaften? Möchten Sie eine mehrtägige Wanderung unternehmen? Dann ist diese Trekking genau das Richtige für Sie! Begeben [...]Weiterlesen...
