{"version":"1.0","provider_name":"Region Freiburg","provider_url":"https:\/\/fribourg.ch\/de\/","title":"Trekking La Gruy\u00e8re - La Berra","type":"rich","width":600,"height":338,"html":"<blockquote class=\"wp-embedded-content\" data-secret=\"se9X2WWFyU\"><a href=\"https:\/\/fribourg.ch\/de\/la-gruyere\/trekking-la-gruyere-la-berra\/\">Trekking La Gruy\u00e8re &#8211; La Berra<\/a><\/blockquote><iframe sandbox=\"allow-scripts\" security=\"restricted\" src=\"https:\/\/fribourg.ch\/de\/la-gruyere\/trekking-la-gruyere-la-berra\/embed\/#?secret=se9X2WWFyU\" width=\"600\" height=\"338\" title=\"&#8222;Trekking La Gruy\u00e8re &#8211; La Berra&#8220; &#8212; Region Freiburg\" data-secret=\"se9X2WWFyU\" frameborder=\"0\" marginwidth=\"0\" marginheight=\"0\" scrolling=\"no\" class=\"wp-embedded-content\"><\/iframe><script type=\"text\/javascript\">\n\/* <![CDATA[ *\/\n\/*! This file is auto-generated *\/\n!function(d,l){\"use strict\";l.querySelector&&d.addEventListener&&\"undefined\"!=typeof URL&&(d.wp=d.wp||{},d.wp.receiveEmbedMessage||(d.wp.receiveEmbedMessage=function(e){var t=e.data;if((t||t.secret||t.message||t.value)&&!\/[^a-zA-Z0-9]\/.test(t.secret)){for(var s,r,n,a=l.querySelectorAll('iframe[data-secret=\"'+t.secret+'\"]'),o=l.querySelectorAll('blockquote[data-secret=\"'+t.secret+'\"]'),c=new RegExp(\"^https?:$\",\"i\"),i=0;i<o.length;i++)o[i].style.display=\"none\";for(i=0;i<a.length;i++)s=a[i],e.source===s.contentWindow&&(s.removeAttribute(\"style\"),\"height\"===t.message?(1e3<(r=parseInt(t.value,10))?r=1e3:~~r<200&&(r=200),s.height=r):\"link\"===t.message&&(r=new URL(s.getAttribute(\"src\")),n=new URL(t.value),c.test(n.protocol))&&n.host===r.host&&l.activeElement===s&&(d.top.location.href=t.value))}},d.addEventListener(\"message\",d.wp.receiveEmbedMessage,!1),l.addEventListener(\"DOMContentLoaded\",function(){for(var e,t,s=l.querySelectorAll(\"iframe.wp-embedded-content\"),r=0;r<s.length;r++)(t=(e=s[r]).getAttribute(\"data-secret\"))||(t=Math.random().toString(36).substring(2,12),e.src+=\"#?secret=\"+t,e.setAttribute(\"data-secret\",t)),e.contentWindow.postMessage({message:\"ready\",secret:t},\"*\")},!1)))}(window,document);\n\/* ]]> *\/\n<\/script>\n","thumbnail_url":"https:\/\/fribourg.ch\/wp-content\/uploads\/2025\/03\/Trekking_Berra_Page_Interieure.jpg","thumbnail_width":2500,"thumbnail_height":450,"description":"Laden Sie Ihre Batterien an der frischen Luft auf! Suchen Sie nach einer M\u00f6glichkeit, in der freien Natur neue Energie zu tanken? Tr\u00e4umen Sie davon, eine Nacht in einer Bergh\u00fctte zu verbringen? Entdecken Sie diese Route und geniessen Sie einen Aufenthalt in den Voralpen. Diese Tour, die f\u00fcr alle geeignet ist, bietet zwei Tage Wandergenuss [...]Weiterlesen..."}

Trekking La Gruyère - La Berra

<blockquote class="wp-embedded-content" data-secret="se9X2WWFyU"><a href="https://fribourg.ch/de/la-gruyere/trekking-la-gruyere-la-berra/">Trekking La Gruyère &#8211; La Berra</a></blockquote><iframe sandbox="allow-scripts" security="restricted" src="https://fribourg.ch/de/la-gruyere/trekking-la-gruyere-la-berra/embed/#?secret=se9X2WWFyU" width="600" height="338" title="&#8222;Trekking La Gruyère &#8211; La Berra&#8220; &#8212; Region Freiburg" data-secret="se9X2WWFyU" frameborder="0" marginwidth="0" marginheight="0" scrolling="no" class="wp-embedded-content"></iframe><script type="text/javascript">
/* <![CDATA[ */
/*! This file is auto-generated */
!function(d,l){"use strict";l.querySelector&&d.addEventListener&&"undefined"!=typeof URL&&(d.wp=d.wp||{},d.wp.receiveEmbedMessage||(d.wp.receiveEmbedMessage=function(e){var t=e.data;if((t||t.secret||t.message||t.value)&&!/[^a-zA-Z0-9]/.test(t.secret)){for(var s,r,n,a=l.querySelectorAll('iframe[data-secret="'+t.secret+'"]'),o=l.querySelectorAll('blockquote[data-secret="'+t.secret+'"]'),c=new RegExp("^https?:$","i"),i=0;i<o.length;i++)o[i].style.display="none";for(i=0;i<a.length;i++)s=a[i],e.source===s.contentWindow&&(s.removeAttribute("style"),"height"===t.message?(1e3<(r=parseInt(t.value,10))?r=1e3:~~r<200&&(r=200),s.height=r):"link"===t.message&&(r=new URL(s.getAttribute("src")),n=new URL(t.value),c.test(n.protocol))&&n.host===r.host&&l.activeElement===s&&(d.top.location.href=t.value))}},d.addEventListener("message",d.wp.receiveEmbedMessage,!1),l.addEventListener("DOMContentLoaded",function(){for(var e,t,s=l.querySelectorAll("iframe.wp-embedded-content"),r=0;r<s.length;r++)(t=(e=s[r]).getAttribute("data-secret"))||(t=Math.random().toString(36).substring(2,12),e.src+="#?secret="+t,e.setAttribute("data-secret",t)),e.contentWindow.postMessage({message:"ready",secret:t},"*")},!1)))}(window,document);
/* ]]> */
</script>

Laden Sie Ihre Batterien an der frischen Luft auf! Suchen Sie nach einer Möglichkeit, in der freien Natur neue Energie zu tanken? Träumen Sie davon, eine Nacht in einer Berghütte zu verbringen? Entdecken Sie diese Route und geniessen Sie einen Aufenthalt in den Voralpen. Diese Tour, die für alle geeignet ist, bietet zwei Tage Wandergenuss [...]Weiterlesen...
