{"version":"1.0","provider_name":"Region Freiburg","provider_url":"https:\/\/fribourg.ch\/de\/","title":"Unterst\u00fctzung f\u00fcr nachhaltigen Tourismus","type":"rich","width":600,"height":338,"html":"<blockquote class=\"wp-embedded-content\" data-secret=\"NpCzIJgKtd\"><a href=\"https:\/\/fribourg.ch\/de\/nachhaltiger-tourismus\/unterstuetzung\/\">Unterst\u00fctzung f\u00fcr nachhaltigen Tourismus<\/a><\/blockquote><iframe sandbox=\"allow-scripts\" security=\"restricted\" src=\"https:\/\/fribourg.ch\/de\/nachhaltiger-tourismus\/unterstuetzung\/embed\/#?secret=NpCzIJgKtd\" width=\"600\" height=\"338\" title=\"&#8222;Unterst\u00fctzung f\u00fcr nachhaltigen Tourismus&#8220; &#8212; Region Freiburg\" data-secret=\"NpCzIJgKtd\" frameborder=\"0\" marginwidth=\"0\" marginheight=\"0\" scrolling=\"no\" class=\"wp-embedded-content\"><\/iframe><script type=\"text\/javascript\">\n\/* <![CDATA[ *\/\n\/*! This file is auto-generated *\/\n!function(d,l){\"use strict\";l.querySelector&&d.addEventListener&&\"undefined\"!=typeof URL&&(d.wp=d.wp||{},d.wp.receiveEmbedMessage||(d.wp.receiveEmbedMessage=function(e){var t=e.data;if((t||t.secret||t.message||t.value)&&!\/[^a-zA-Z0-9]\/.test(t.secret)){for(var s,r,n,a=l.querySelectorAll('iframe[data-secret=\"'+t.secret+'\"]'),o=l.querySelectorAll('blockquote[data-secret=\"'+t.secret+'\"]'),c=new RegExp(\"^https?:$\",\"i\"),i=0;i<o.length;i++)o[i].style.display=\"none\";for(i=0;i<a.length;i++)s=a[i],e.source===s.contentWindow&&(s.removeAttribute(\"style\"),\"height\"===t.message?(1e3<(r=parseInt(t.value,10))?r=1e3:~~r<200&&(r=200),s.height=r):\"link\"===t.message&&(r=new URL(s.getAttribute(\"src\")),n=new URL(t.value),c.test(n.protocol))&&n.host===r.host&&l.activeElement===s&&(d.top.location.href=t.value))}},d.addEventListener(\"message\",d.wp.receiveEmbedMessage,!1),l.addEventListener(\"DOMContentLoaded\",function(){for(var e,t,s=l.querySelectorAll(\"iframe.wp-embedded-content\"),r=0;r<s.length;r++)(t=(e=s[r]).getAttribute(\"data-secret\"))||(t=Math.random().toString(36).substring(2,12),e.src+=\"#?secret=\"+t,e.setAttribute(\"data-secret\",t)),e.contentWindow.postMessage({message:\"ready\",secret:t},\"*\")},!1)))}(window,document);\n\/* ]]> *\/\n<\/script>\n","thumbnail_url":"https:\/\/fribourg.ch\/wp-content\/uploads\/2025\/08\/\u00a9-Aurele-Nicolet-Gruyere-Jaun-_-Ref.GU_17.10.2021_004.jpg","thumbnail_width":1920,"thumbnail_height":450,"description":"Der Freiburger Tourismusverband engagiert sich f\u00fcr Nachhaltigkeit und unterst\u00fctzt touristische Leistungstr\u00e4ger auf dem Weg zu einem nachhaltigen Tourismus im Kanton Freiburg. Er st\u00fctzt&nbsp;sich&nbsp;dabei&nbsp;auf&nbsp;die&nbsp;3. Hauptachse&nbsp;\u00abEntwicklung eines nachhaltigen Tourismus\u00bb seiner&nbsp;\u00abStrategie zur Entwicklung des Freiburger Tourismus 2024\u20132030\u00bb,&nbsp;welche&nbsp;im Februar 2024 vom Staatsrat des Kantons Freiburg verabschiedet wurde.&nbsp; Welche Schritte sind erforderlich, um eine Unterst\u00fctzung zu erhalten? Wie nachhaltig ist [...]Weiterlesen..."}

Unterstützung für nachhaltigen Tourismus

<blockquote class="wp-embedded-content" data-secret="NpCzIJgKtd"><a href="https://fribourg.ch/de/nachhaltiger-tourismus/unterstuetzung/">Unterstützung für nachhaltigen Tourismus</a></blockquote><iframe sandbox="allow-scripts" security="restricted" src="https://fribourg.ch/de/nachhaltiger-tourismus/unterstuetzung/embed/#?secret=NpCzIJgKtd" width="600" height="338" title="&#8222;Unterstützung für nachhaltigen Tourismus&#8220; &#8212; Region Freiburg" data-secret="NpCzIJgKtd" frameborder="0" marginwidth="0" marginheight="0" scrolling="no" class="wp-embedded-content"></iframe><script type="text/javascript">
/* <![CDATA[ */
/*! This file is auto-generated */
!function(d,l){"use strict";l.querySelector&&d.addEventListener&&"undefined"!=typeof URL&&(d.wp=d.wp||{},d.wp.receiveEmbedMessage||(d.wp.receiveEmbedMessage=function(e){var t=e.data;if((t||t.secret||t.message||t.value)&&!/[^a-zA-Z0-9]/.test(t.secret)){for(var s,r,n,a=l.querySelectorAll('iframe[data-secret="'+t.secret+'"]'),o=l.querySelectorAll('blockquote[data-secret="'+t.secret+'"]'),c=new RegExp("^https?:$","i"),i=0;i<o.length;i++)o[i].style.display="none";for(i=0;i<a.length;i++)s=a[i],e.source===s.contentWindow&&(s.removeAttribute("style"),"height"===t.message?(1e3<(r=parseInt(t.value,10))?r=1e3:~~r<200&&(r=200),s.height=r):"link"===t.message&&(r=new URL(s.getAttribute("src")),n=new URL(t.value),c.test(n.protocol))&&n.host===r.host&&l.activeElement===s&&(d.top.location.href=t.value))}},d.addEventListener("message",d.wp.receiveEmbedMessage,!1),l.addEventListener("DOMContentLoaded",function(){for(var e,t,s=l.querySelectorAll("iframe.wp-embedded-content"),r=0;r<s.length;r++)(t=(e=s[r]).getAttribute("data-secret"))||(t=Math.random().toString(36).substring(2,12),e.src+="#?secret="+t,e.setAttribute("data-secret",t)),e.contentWindow.postMessage({message:"ready",secret:t},"*")},!1)))}(window,document);
/* ]]> */
</script>

Der Freiburger Tourismusverband engagiert sich für Nachhaltigkeit und unterstützt touristische Leistungsträger auf dem Weg zu einem nachhaltigen Tourismus im Kanton Freiburg. Er stützt&nbsp;sich&nbsp;dabei&nbsp;auf&nbsp;die&nbsp;3. Hauptachse&nbsp;«Entwicklung eines nachhaltigen Tourismus» seiner&nbsp;«Strategie zur Entwicklung des Freiburger Tourismus 2024–2030»,&nbsp;welche&nbsp;im Februar 2024 vom Staatsrat des Kantons Freiburg verabschiedet wurde.&nbsp; Welche Schritte sind erforderlich, um eine Unterstützung zu erhalten? Wie nachhaltig ist [...]Weiterlesen...
