{"version":"1.0","provider_name":"Region Freiburg","provider_url":"https:\/\/fribourg.ch\/de\/","title":"Sommer, Sonne, Flowtrail\ud83c\udf1e\ud83d\udeb4\ud83c\udffb\u200d\u2640\ufe0f","type":"rich","width":600,"height":338,"html":"<blockquote class=\"wp-embedded-content\" data-secret=\"zZQ7gIhcAb\"><a href=\"https:\/\/fribourg.ch\/de\/schwarzsee\/neuigkeiten\/sommer-sonne-flowtrail\/\">Sommer, Sonne, Flowtrail\ud83c\udf1e\ud83d\udeb4\ud83c\udffb\u200d\u2640\ufe0f<\/a><\/blockquote><iframe sandbox=\"allow-scripts\" security=\"restricted\" src=\"https:\/\/fribourg.ch\/de\/schwarzsee\/neuigkeiten\/sommer-sonne-flowtrail\/embed\/#?secret=zZQ7gIhcAb\" width=\"600\" height=\"338\" title=\"&#8222;Sommer, Sonne, Flowtrail\ud83c\udf1e\ud83d\udeb4\ud83c\udffb\u200d\u2640\ufe0f&#8220; &#8212; Region Freiburg\" data-secret=\"zZQ7gIhcAb\" frameborder=\"0\" marginwidth=\"0\" marginheight=\"0\" scrolling=\"no\" class=\"wp-embedded-content\"><\/iframe><script type=\"text\/javascript\">\n\/* <![CDATA[ *\/\n\/*! This file is auto-generated *\/\n!function(d,l){\"use strict\";l.querySelector&&d.addEventListener&&\"undefined\"!=typeof URL&&(d.wp=d.wp||{},d.wp.receiveEmbedMessage||(d.wp.receiveEmbedMessage=function(e){var t=e.data;if((t||t.secret||t.message||t.value)&&!\/[^a-zA-Z0-9]\/.test(t.secret)){for(var s,r,n,a=l.querySelectorAll('iframe[data-secret=\"'+t.secret+'\"]'),o=l.querySelectorAll('blockquote[data-secret=\"'+t.secret+'\"]'),c=new RegExp(\"^https?:$\",\"i\"),i=0;i<o.length;i++)o[i].style.display=\"none\";for(i=0;i<a.length;i++)s=a[i],e.source===s.contentWindow&&(s.removeAttribute(\"style\"),\"height\"===t.message?(1e3<(r=parseInt(t.value,10))?r=1e3:~~r<200&&(r=200),s.height=r):\"link\"===t.message&&(r=new URL(s.getAttribute(\"src\")),n=new URL(t.value),c.test(n.protocol))&&n.host===r.host&&l.activeElement===s&&(d.top.location.href=t.value))}},d.addEventListener(\"message\",d.wp.receiveEmbedMessage,!1),l.addEventListener(\"DOMContentLoaded\",function(){for(var e,t,s=l.querySelectorAll(\"iframe.wp-embedded-content\"),r=0;r<s.length;r++)(t=(e=s[r]).getAttribute(\"data-secret\"))||(t=Math.random().toString(36).substring(2,12),e.src+=\"#?secret=\"+t,e.setAttribute(\"data-secret\",t)),e.contentWindow.postMessage({message:\"ready\",secret:t},\"*\")},!1)))}(window,document);\n\/* ]]> *\/\n<\/script>\n","thumbnail_url":"https:\/\/fribourg.ch\/wp-content\/uploads\/2025\/07\/Schwarzsee_Ref.06.08.2026_009.jpeg","thumbnail_width":1920,"thumbnail_height":1080,"description":"Lust auf ein bisschen Adrenalin? Dann ist der Flowtrail in Schwarzsee ein perfektes Ausflugsziel!\ud83d\udeb4\ud83c\udffb\u200d\u2640\ufe0f Verbringen Sie den Morgen auf dem 3,6 km langen Trail mit abwechslungsreichem Gel\u00e4nde und einer \u201eSafe Line\u201c f\u00fcr Einsteiger.Danach wartet eine leckere St\u00e4rkung im gem\u00fctlich eingerichteten Caf\u00e9 D\u00e9j\u00e0 Vu \ud83e\udd57.Zum Abschluss kann der Nachmittag nochmals auf dem Trail \ud83d\udeb4\ud83c\udffb\u200d\u2640\ufe0f oder am [...]Weiterlesen..."}

Lust auf ein bisschen Adrenalin? Dann ist der Flowtrail in Schwarzsee ein perfektes Ausflugsziel!🚴🏻‍♀️ Verbringen Sie den Morgen auf dem 3,6 km langen Trail mit abwechslungsreichem Gelände und einer „Safe Line“ für Einsteiger.Danach wartet eine leckere Stärkung im gemütlich eingerichteten Café Déjà Vu 🥗.Zum Abschluss kann der Nachmittag nochmals auf dem Trail 🚴🏻‍♀️ oder am [...]Weiterlesen...
