{"version":"1.0","provider_name":"Region Freiburg","provider_url":"https:\/\/fribourg.ch\/de\/","title":"Die Kilbi im freiburgerland","type":"rich","width":600,"height":338,"html":"<blockquote class=\"wp-embedded-content\" data-secret=\"A0jXz2SOBV\"><a href=\"https:\/\/fribourg.ch\/de\/terroir-fribourg\/kilbi-freiburgerland\/\">Die Kilbi im freiburgerland<\/a><\/blockquote><iframe sandbox=\"allow-scripts\" security=\"restricted\" src=\"https:\/\/fribourg.ch\/de\/terroir-fribourg\/kilbi-freiburgerland\/embed\/#?secret=A0jXz2SOBV\" width=\"600\" height=\"338\" title=\"&#8222;Die Kilbi im freiburgerland&#8220; &#8212; Region Freiburg\" data-secret=\"A0jXz2SOBV\" frameborder=\"0\" marginwidth=\"0\" marginheight=\"0\" scrolling=\"no\" class=\"wp-embedded-content\"><\/iframe><script type=\"text\/javascript\">\n\/* <![CDATA[ *\/\n\/*! This file is auto-generated *\/\n!function(d,l){\"use strict\";l.querySelector&&d.addEventListener&&\"undefined\"!=typeof URL&&(d.wp=d.wp||{},d.wp.receiveEmbedMessage||(d.wp.receiveEmbedMessage=function(e){var t=e.data;if((t||t.secret||t.message||t.value)&&!\/[^a-zA-Z0-9]\/.test(t.secret)){for(var s,r,n,a=l.querySelectorAll('iframe[data-secret=\"'+t.secret+'\"]'),o=l.querySelectorAll('blockquote[data-secret=\"'+t.secret+'\"]'),c=new RegExp(\"^https?:$\",\"i\"),i=0;i<o.length;i++)o[i].style.display=\"none\";for(i=0;i<a.length;i++)s=a[i],e.source===s.contentWindow&&(s.removeAttribute(\"style\"),\"height\"===t.message?(1e3<(r=parseInt(t.value,10))?r=1e3:~~r<200&&(r=200),s.height=r):\"link\"===t.message&&(r=new URL(s.getAttribute(\"src\")),n=new URL(t.value),c.test(n.protocol))&&n.host===r.host&&l.activeElement===s&&(d.top.location.href=t.value))}},d.addEventListener(\"message\",d.wp.receiveEmbedMessage,!1),l.addEventListener(\"DOMContentLoaded\",function(){for(var e,t,s=l.querySelectorAll(\"iframe.wp-embedded-content\"),r=0;r<s.length;r++)(t=(e=s[r]).getAttribute(\"data-secret\"))||(t=Math.random().toString(36).substring(2,12),e.src+=\"#?secret=\"+t,e.setAttribute(\"data-secret\",t)),e.contentWindow.postMessage({message:\"ready\",secret:t},\"*\")},!1)))}(window,document);\n\/* ]]> *\/\n<\/script>\n","thumbnail_url":"https:\/\/fribourg.ch\/wp-content\/uploads\/2024\/08\/\u00a9-UFTFTV-Ref._06.10.2023_018.jpg","thumbnail_width":2500,"thumbnail_height":586,"description":"Pr\u00e4sentation Die Kilbi \u2013 ein traditionelles Freiburger Fest mit jahrhundertealter Geschichte Zwar l\u00e4sst sich der genaue Ursprung der B\u00e9nichon oder Kilbi nur schwer datieren, sie wurde jedoch bereits in einem Text aus dem Jahr 1443 erw\u00e4hnt. Damals handelte es sich noch um ein religi\u00f6ses Fest, die Kirchweihe, um den Jahrestag der Segnung der Gemeindekirchen zu [...]Weiterlesen..."}

Präsentation Die Kilbi – ein traditionelles Freiburger Fest mit jahrhundertealter Geschichte Zwar lässt sich der genaue Ursprung der Bénichon oder Kilbi nur schwer datieren, sie wurde jedoch bereits in einem Text aus dem Jahr 1443 erwähnt. Damals handelte es sich noch um ein religiöses Fest, die Kirchweihe, um den Jahrestag der Segnung der Gemeindekirchen zu [...]Weiterlesen...
