{"version":"1.0","provider_name":"Region Freiburg","provider_url":"https:\/\/fribourg.ch\/de\/","title":"Boulangerie de Grandvillard","type":"rich","width":600,"height":338,"html":"<blockquote class=\"wp-embedded-content\" data-secret=\"YpYOlTdMDL\"><a href=\"https:\/\/fribourg.ch\/de\/terroir-fribourg\/produzenten\/boulangerie-de-grandvillard\/\">Boulangerie de Grandvillard<\/a><\/blockquote><iframe sandbox=\"allow-scripts\" security=\"restricted\" src=\"https:\/\/fribourg.ch\/de\/terroir-fribourg\/produzenten\/boulangerie-de-grandvillard\/embed\/#?secret=YpYOlTdMDL\" width=\"600\" height=\"338\" title=\"&#8222;Boulangerie de Grandvillard&#8220; &#8212; Region Freiburg\" data-secret=\"YpYOlTdMDL\" frameborder=\"0\" marginwidth=\"0\" marginheight=\"0\" scrolling=\"no\" class=\"wp-embedded-content\"><\/iframe><script type=\"text\/javascript\">\n\/* <![CDATA[ *\/\n\/*! This file is auto-generated *\/\n!function(d,l){\"use strict\";l.querySelector&&d.addEventListener&&\"undefined\"!=typeof URL&&(d.wp=d.wp||{},d.wp.receiveEmbedMessage||(d.wp.receiveEmbedMessage=function(e){var t=e.data;if((t||t.secret||t.message||t.value)&&!\/[^a-zA-Z0-9]\/.test(t.secret)){for(var s,r,n,a=l.querySelectorAll('iframe[data-secret=\"'+t.secret+'\"]'),o=l.querySelectorAll('blockquote[data-secret=\"'+t.secret+'\"]'),c=new RegExp(\"^https?:$\",\"i\"),i=0;i<o.length;i++)o[i].style.display=\"none\";for(i=0;i<a.length;i++)s=a[i],e.source===s.contentWindow&&(s.removeAttribute(\"style\"),\"height\"===t.message?(1e3<(r=parseInt(t.value,10))?r=1e3:~~r<200&&(r=200),s.height=r):\"link\"===t.message&&(r=new URL(s.getAttribute(\"src\")),n=new URL(t.value),c.test(n.protocol))&&n.host===r.host&&l.activeElement===s&&(d.top.location.href=t.value))}},d.addEventListener(\"message\",d.wp.receiveEmbedMessage,!1),l.addEventListener(\"DOMContentLoaded\",function(){for(var e,t,s=l.querySelectorAll(\"iframe.wp-embedded-content\"),r=0;r<s.length;r++)(t=(e=s[r]).getAttribute(\"data-secret\"))||(t=Math.random().toString(36).substring(2,12),e.src+=\"#?secret=\"+t,e.setAttribute(\"data-secret\",t)),e.contentWindow.postMessage({message:\"ready\",secret:t},\"*\")},!1)))}(window,document);\n\/* ]]> *\/\n<\/script>\n","description":"Pr\u00e4sentation Als kleiner Junge sah er seine Zukunft zwar eher in der Landwirtschaft, doch als er \u00e4lter wurde, faszinierte ihn der Beruf seines Vaters immer mehr. 1989 beendete er seine Lehre zum B\u00e4cker-Konditor-Confiseur in der B\u00e4ckerei Repond in Tour-de-Tr\u00eame. Nachdem er mehrere Jahre zusammen mit seinem Vater Rapha\u00ebl im Laden gearbeitet hatte, \u00fcbernahm Jean-Luc mit [...]Weiterlesen...","thumbnail_url":"default"}

Präsentation Als kleiner Junge sah er seine Zukunft zwar eher in der Landwirtschaft, doch als er älter wurde, faszinierte ihn der Beruf seines Vaters immer mehr. 1989 beendete er seine Lehre zum Bäcker-Konditor-Confiseur in der Bäckerei Repond in Tour-de-Trême. Nachdem er mehrere Jahre zusammen mit seinem Vater Raphaël im Laden gearbeitet hatte, übernahm Jean-Luc mit [...]Weiterlesen...
