{"version":"1.0","provider_name":"Region Freiburg","provider_url":"https:\/\/fribourg.ch\/de\/","title":"L'abeille des Pr\u00e9alpes","type":"rich","width":600,"height":338,"html":"<blockquote class=\"wp-embedded-content\" data-secret=\"p2w1wd0Oi5\"><a href=\"https:\/\/fribourg.ch\/de\/terroir-fribourg\/produzenten\/labeille-des-prealpes\/\">L&#8217;abeille des Pr\u00e9alpes<\/a><\/blockquote><iframe sandbox=\"allow-scripts\" security=\"restricted\" src=\"https:\/\/fribourg.ch\/de\/terroir-fribourg\/produzenten\/labeille-des-prealpes\/embed\/#?secret=p2w1wd0Oi5\" width=\"600\" height=\"338\" title=\"&#8222;L&#8217;abeille des Pr\u00e9alpes&#8220; &#8212; Region Freiburg\" data-secret=\"p2w1wd0Oi5\" frameborder=\"0\" marginwidth=\"0\" marginheight=\"0\" scrolling=\"no\" class=\"wp-embedded-content\"><\/iframe><script type=\"text\/javascript\">\n\/* <![CDATA[ *\/\n\/*! This file is auto-generated *\/\n!function(d,l){\"use strict\";l.querySelector&&d.addEventListener&&\"undefined\"!=typeof URL&&(d.wp=d.wp||{},d.wp.receiveEmbedMessage||(d.wp.receiveEmbedMessage=function(e){var t=e.data;if((t||t.secret||t.message||t.value)&&!\/[^a-zA-Z0-9]\/.test(t.secret)){for(var s,r,n,a=l.querySelectorAll('iframe[data-secret=\"'+t.secret+'\"]'),o=l.querySelectorAll('blockquote[data-secret=\"'+t.secret+'\"]'),c=new RegExp(\"^https?:$\",\"i\"),i=0;i<o.length;i++)o[i].style.display=\"none\";for(i=0;i<a.length;i++)s=a[i],e.source===s.contentWindow&&(s.removeAttribute(\"style\"),\"height\"===t.message?(1e3<(r=parseInt(t.value,10))?r=1e3:~~r<200&&(r=200),s.height=r):\"link\"===t.message&&(r=new URL(s.getAttribute(\"src\")),n=new URL(t.value),c.test(n.protocol))&&n.host===r.host&&l.activeElement===s&&(d.top.location.href=t.value))}},d.addEventListener(\"message\",d.wp.receiveEmbedMessage,!1),l.addEventListener(\"DOMContentLoaded\",function(){for(var e,t,s=l.querySelectorAll(\"iframe.wp-embedded-content\"),r=0;r<s.length;r++)(t=(e=s[r]).getAttribute(\"data-secret\"))||(t=Math.random().toString(36).substring(2,12),e.src+=\"#?secret=\"+t,e.setAttribute(\"data-secret\",t)),e.contentWindow.postMessage({message:\"ready\",secret:t},\"*\")},!1)))}(window,document);\n\/* ]]> *\/\n<\/script>\n","description":"Imker und Z\u00fcchter im Herzen des Greyerzerlandes in Cerniat, ich bin stolz darauf, Freiburger Honig anzubieten, der in handwerklicher Arbeit und mit Respekt f\u00fcr die Biene hergestellt wird. Meine Bienen sammeln Nektar zwischen Ebene und Gebirge in einer reichen und vielf\u00e4ltigen Umgebung. Die privilegierte geografische Lage der Freiburger Voralpen erm\u00f6glicht es mir, je nach Ernteh\u00f6he [...]Weiterlesen...","thumbnail_url":"default"}

L'abeille des Préalpes

<blockquote class="wp-embedded-content" data-secret="p2w1wd0Oi5"><a href="https://fribourg.ch/de/terroir-fribourg/produzenten/labeille-des-prealpes/">L&#8217;abeille des Préalpes</a></blockquote><iframe sandbox="allow-scripts" security="restricted" src="https://fribourg.ch/de/terroir-fribourg/produzenten/labeille-des-prealpes/embed/#?secret=p2w1wd0Oi5" width="600" height="338" title="&#8222;L&#8217;abeille des Préalpes&#8220; &#8212; Region Freiburg" data-secret="p2w1wd0Oi5" frameborder="0" marginwidth="0" marginheight="0" scrolling="no" class="wp-embedded-content"></iframe><script type="text/javascript">
/* <![CDATA[ */
/*! This file is auto-generated */
!function(d,l){"use strict";l.querySelector&&d.addEventListener&&"undefined"!=typeof URL&&(d.wp=d.wp||{},d.wp.receiveEmbedMessage||(d.wp.receiveEmbedMessage=function(e){var t=e.data;if((t||t.secret||t.message||t.value)&&!/[^a-zA-Z0-9]/.test(t.secret)){for(var s,r,n,a=l.querySelectorAll('iframe[data-secret="'+t.secret+'"]'),o=l.querySelectorAll('blockquote[data-secret="'+t.secret+'"]'),c=new RegExp("^https?:$","i"),i=0;i<o.length;i++)o[i].style.display="none";for(i=0;i<a.length;i++)s=a[i],e.source===s.contentWindow&&(s.removeAttribute("style"),"height"===t.message?(1e3<(r=parseInt(t.value,10))?r=1e3:~~r<200&&(r=200),s.height=r):"link"===t.message&&(r=new URL(s.getAttribute("src")),n=new URL(t.value),c.test(n.protocol))&&n.host===r.host&&l.activeElement===s&&(d.top.location.href=t.value))}},d.addEventListener("message",d.wp.receiveEmbedMessage,!1),l.addEventListener("DOMContentLoaded",function(){for(var e,t,s=l.querySelectorAll("iframe.wp-embedded-content"),r=0;r<s.length;r++)(t=(e=s[r]).getAttribute("data-secret"))||(t=Math.random().toString(36).substring(2,12),e.src+="#?secret="+t,e.setAttribute("data-secret",t)),e.contentWindow.postMessage({message:"ready",secret:t},"*")},!1)))}(window,document);
/* ]]> */
</script>

Imker und Züchter im Herzen des Greyerzerlandes in Cerniat, ich bin stolz darauf, Freiburger Honig anzubieten, der in handwerklicher Arbeit und mit Respekt für die Biene hergestellt wird. Meine Bienen sammeln Nektar zwischen Ebene und Gebirge in einer reichen und vielfältigen Umgebung. Die privilegierte geografische Lage der Freiburger Voralpen ermöglicht es mir, je nach Erntehöhe [...]Weiterlesen...
