{"version":"1.0","provider_name":"Region Freiburg","provider_url":"https:\/\/fribourg.ch\/de\/","title":"March\u00e9 des Chandines","type":"rich","width":600,"height":338,"html":"<blockquote class=\"wp-embedded-content\" data-secret=\"wnKpKUlXjz\"><a href=\"https:\/\/fribourg.ch\/de\/terroir-fribourg\/produzenten\/marche-des-chandines\/\">March\u00e9 des Chandines<\/a><\/blockquote><iframe sandbox=\"allow-scripts\" security=\"restricted\" src=\"https:\/\/fribourg.ch\/de\/terroir-fribourg\/produzenten\/marche-des-chandines\/embed\/#?secret=wnKpKUlXjz\" width=\"600\" height=\"338\" title=\"&#8222;March\u00e9 des Chandines&#8220; &#8212; Region Freiburg\" data-secret=\"wnKpKUlXjz\" frameborder=\"0\" marginwidth=\"0\" marginheight=\"0\" scrolling=\"no\" class=\"wp-embedded-content\"><\/iframe><script type=\"text\/javascript\">\n\/* <![CDATA[ *\/\n\/*! This file is auto-generated *\/\n!function(d,l){\"use strict\";l.querySelector&&d.addEventListener&&\"undefined\"!=typeof URL&&(d.wp=d.wp||{},d.wp.receiveEmbedMessage||(d.wp.receiveEmbedMessage=function(e){var t=e.data;if((t||t.secret||t.message||t.value)&&!\/[^a-zA-Z0-9]\/.test(t.secret)){for(var s,r,n,a=l.querySelectorAll('iframe[data-secret=\"'+t.secret+'\"]'),o=l.querySelectorAll('blockquote[data-secret=\"'+t.secret+'\"]'),c=new RegExp(\"^https?:$\",\"i\"),i=0;i<o.length;i++)o[i].style.display=\"none\";for(i=0;i<a.length;i++)s=a[i],e.source===s.contentWindow&&(s.removeAttribute(\"style\"),\"height\"===t.message?(1e3<(r=parseInt(t.value,10))?r=1e3:~~r<200&&(r=200),s.height=r):\"link\"===t.message&&(r=new URL(s.getAttribute(\"src\")),n=new URL(t.value),c.test(n.protocol))&&n.host===r.host&&l.activeElement===s&&(d.top.location.href=t.value))}},d.addEventListener(\"message\",d.wp.receiveEmbedMessage,!1),l.addEventListener(\"DOMContentLoaded\",function(){for(var e,t,s=l.querySelectorAll(\"iframe.wp-embedded-content\"),r=0;r<s.length;r++)(t=(e=s[r]).getAttribute(\"data-secret\"))||(t=Math.random().toString(36).substring(2,12),e.src+=\"#?secret=\"+t,e.setAttribute(\"data-secret\",t)),e.contentWindow.postMessage({message:\"ready\",secret:t},\"*\")},!1)))}(window,document);\n\/* ]]> *\/\n<\/script>\n","description":"Pr\u00e4sentation Schauen Sie f\u00fcr Ihre Eink\u00e4ufe im \u201eMarch\u00e9 des Chandines\u201c vorbei und entdecken Sie eine breite Auswahl an regionalen Produkten. Das Sortiment reicht von Obst und Gem\u00fcse \u00fcber Eingemachtes und Getrocknetes bis zu Branntweinen. Im Fr\u00fchling finden Sie gr\u00fcne Spargeln aus dem betriebseigenen Anbau. Ab Ende Mai werden jeden Samstagmorgen Brot und Zopf verkauft. [...]Weiterlesen...","thumbnail_url":"default"}

Marché des Chandines

<blockquote class="wp-embedded-content" data-secret="wnKpKUlXjz"><a href="https://fribourg.ch/de/terroir-fribourg/produzenten/marche-des-chandines/">Marché des Chandines</a></blockquote><iframe sandbox="allow-scripts" security="restricted" src="https://fribourg.ch/de/terroir-fribourg/produzenten/marche-des-chandines/embed/#?secret=wnKpKUlXjz" width="600" height="338" title="&#8222;Marché des Chandines&#8220; &#8212; Region Freiburg" data-secret="wnKpKUlXjz" frameborder="0" marginwidth="0" marginheight="0" scrolling="no" class="wp-embedded-content"></iframe><script type="text/javascript">
/* <![CDATA[ */
/*! This file is auto-generated */
!function(d,l){"use strict";l.querySelector&&d.addEventListener&&"undefined"!=typeof URL&&(d.wp=d.wp||{},d.wp.receiveEmbedMessage||(d.wp.receiveEmbedMessage=function(e){var t=e.data;if((t||t.secret||t.message||t.value)&&!/[^a-zA-Z0-9]/.test(t.secret)){for(var s,r,n,a=l.querySelectorAll('iframe[data-secret="'+t.secret+'"]'),o=l.querySelectorAll('blockquote[data-secret="'+t.secret+'"]'),c=new RegExp("^https?:$","i"),i=0;i<o.length;i++)o[i].style.display="none";for(i=0;i<a.length;i++)s=a[i],e.source===s.contentWindow&&(s.removeAttribute("style"),"height"===t.message?(1e3<(r=parseInt(t.value,10))?r=1e3:~~r<200&&(r=200),s.height=r):"link"===t.message&&(r=new URL(s.getAttribute("src")),n=new URL(t.value),c.test(n.protocol))&&n.host===r.host&&l.activeElement===s&&(d.top.location.href=t.value))}},d.addEventListener("message",d.wp.receiveEmbedMessage,!1),l.addEventListener("DOMContentLoaded",function(){for(var e,t,s=l.querySelectorAll("iframe.wp-embedded-content"),r=0;r<s.length;r++)(t=(e=s[r]).getAttribute("data-secret"))||(t=Math.random().toString(36).substring(2,12),e.src+="#?secret="+t,e.setAttribute("data-secret",t)),e.contentWindow.postMessage({message:"ready",secret:t},"*")},!1)))}(window,document);
/* ]]> */
</script>

Präsentation Schauen Sie für Ihre Einkäufe im „Marché des Chandines“ vorbei und entdecken Sie eine breite Auswahl an regionalen Produkten. Das Sortiment reicht von Obst und Gemüse über Eingemachtes und Getrocknetes bis zu Branntweinen. Im Frühling finden Sie grüne Spargeln aus dem betriebseigenen Anbau. Ab Ende Mai werden jeden Samstagmorgen Brot und Zopf verkauft. [...]Weiterlesen...
