{"version":"1.0","provider_name":"Region Freiburg","provider_url":"https:\/\/fribourg.ch\/de\/","title":"Sophie Rouvenaz, Unternehmerin im Dienst der Hotellerie","type":"rich","width":600,"height":338,"html":"<blockquote class=\"wp-embedded-content\" data-secret=\"HYAk4y9IfB\"><a href=\"https:\/\/fribourg.ch\/de\/uft-ftv\/fier-de-fribourg\/sophie-rouvenaz\/\">Sophie Rouvenaz, Unternehmerin im Dienst der Hotellerie<\/a><\/blockquote><iframe sandbox=\"allow-scripts\" security=\"restricted\" src=\"https:\/\/fribourg.ch\/de\/uft-ftv\/fier-de-fribourg\/sophie-rouvenaz\/embed\/#?secret=HYAk4y9IfB\" width=\"600\" height=\"338\" title=\"&#8222;Sophie Rouvenaz, Unternehmerin im Dienst der Hotellerie&#8220; &#8212; Region Freiburg\" data-secret=\"HYAk4y9IfB\" frameborder=\"0\" marginwidth=\"0\" marginheight=\"0\" scrolling=\"no\" class=\"wp-embedded-content\"><\/iframe><script type=\"text\/javascript\">\n\/* <![CDATA[ *\/\n\/*! This file is auto-generated *\/\n!function(d,l){\"use strict\";l.querySelector&&d.addEventListener&&\"undefined\"!=typeof URL&&(d.wp=d.wp||{},d.wp.receiveEmbedMessage||(d.wp.receiveEmbedMessage=function(e){var t=e.data;if((t||t.secret||t.message||t.value)&&!\/[^a-zA-Z0-9]\/.test(t.secret)){for(var s,r,n,a=l.querySelectorAll('iframe[data-secret=\"'+t.secret+'\"]'),o=l.querySelectorAll('blockquote[data-secret=\"'+t.secret+'\"]'),c=new RegExp(\"^https?:$\",\"i\"),i=0;i<o.length;i++)o[i].style.display=\"none\";for(i=0;i<a.length;i++)s=a[i],e.source===s.contentWindow&&(s.removeAttribute(\"style\"),\"height\"===t.message?(1e3<(r=parseInt(t.value,10))?r=1e3:~~r<200&&(r=200),s.height=r):\"link\"===t.message&&(r=new URL(s.getAttribute(\"src\")),n=new URL(t.value),c.test(n.protocol))&&n.host===r.host&&l.activeElement===s&&(d.top.location.href=t.value))}},d.addEventListener(\"message\",d.wp.receiveEmbedMessage,!1),l.addEventListener(\"DOMContentLoaded\",function(){for(var e,t,s=l.querySelectorAll(\"iframe.wp-embedded-content\"),r=0;r<s.length;r++)(t=(e=s[r]).getAttribute(\"data-secret\"))||(t=Math.random().toString(36).substring(2,12),e.src+=\"#?secret=\"+t,e.setAttribute(\"data-secret\",t)),e.contentWindow.postMessage({message:\"ready\",secret:t},\"*\")},!1)))}(window,document);\n\/* ]]> *\/\n<\/script>\n","thumbnail_url":"https:\/\/fribourg.ch\/wp-content\/uploads\/2024\/09\/sophie-rouvenaz-5-scaled.jpg","thumbnail_width":2560,"thumbnail_height":600,"description":"Schon in jungen Jahren lernte Sophie Rouvenaz den Kundenkontakt sch\u00e4tzen, damals im Schuhgesch\u00e4ft ihres Vaters. Ihr Studentenjob in einem Hotel in Gruy\u00e8res \u00f6ffnete ihr die T\u00fcren zur Ecole hoteli\u00e8re in Lausanne, die sie mit einem MBA abschloss. Ihre berufliche Karriere startete anschliessend am Hauptsitz der Accor-Gruppe in Crissier, mit der sie bis heute verbunden bleibt. [...]Weiterlesen..."}

Schon in jungen Jahren lernte Sophie Rouvenaz den Kundenkontakt schätzen, damals im Schuhgeschäft ihres Vaters. Ihr Studentenjob in einem Hotel in Gruyères öffnete ihr die Türen zur Ecole hotelière in Lausanne, die sie mit einem MBA abschloss. Ihre berufliche Karriere startete anschliessend am Hauptsitz der Accor-Gruppe in Crissier, mit der sie bis heute verbunden bleibt. [...]Weiterlesen...
