{"version":"1.0","provider_name":"R\u00e9gion de Fribourg","provider_url":"https:\/\/fribourg.ch\/fr\/","title":"Formation","type":"rich","width":600,"height":338,"html":"<blockquote class=\"wp-embedded-content\" data-secret=\"BjXu2BvDZR\"><a href=\"https:\/\/fribourg.ch\/fr\/formation\/\">Formation<\/a><\/blockquote><iframe sandbox=\"allow-scripts\" security=\"restricted\" src=\"https:\/\/fribourg.ch\/fr\/formation\/embed\/#?secret=BjXu2BvDZR\" width=\"600\" height=\"338\" title=\"\u00ab\u00a0Formation\u00a0\u00bb &#8212; R\u00e9gion de Fribourg\" data-secret=\"BjXu2BvDZR\" frameborder=\"0\" marginwidth=\"0\" marginheight=\"0\" scrolling=\"no\" class=\"wp-embedded-content\"><\/iframe><script type=\"text\/javascript\">\n\/* <![CDATA[ *\/\n\/*! This file is auto-generated *\/\n!function(d,l){\"use strict\";l.querySelector&&d.addEventListener&&\"undefined\"!=typeof URL&&(d.wp=d.wp||{},d.wp.receiveEmbedMessage||(d.wp.receiveEmbedMessage=function(e){var t=e.data;if((t||t.secret||t.message||t.value)&&!\/[^a-zA-Z0-9]\/.test(t.secret)){for(var s,r,n,a=l.querySelectorAll('iframe[data-secret=\"'+t.secret+'\"]'),o=l.querySelectorAll('blockquote[data-secret=\"'+t.secret+'\"]'),c=new RegExp(\"^https?:$\",\"i\"),i=0;i<o.length;i++)o[i].style.display=\"none\";for(i=0;i<a.length;i++)s=a[i],e.source===s.contentWindow&&(s.removeAttribute(\"style\"),\"height\"===t.message?(1e3<(r=parseInt(t.value,10))?r=1e3:~~r<200&&(r=200),s.height=r):\"link\"===t.message&&(r=new URL(s.getAttribute(\"src\")),n=new URL(t.value),c.test(n.protocol))&&n.host===r.host&&l.activeElement===s&&(d.top.location.href=t.value))}},d.addEventListener(\"message\",d.wp.receiveEmbedMessage,!1),l.addEventListener(\"DOMContentLoaded\",function(){for(var e,t,s=l.querySelectorAll(\"iframe.wp-embedded-content\"),r=0;r<s.length;r++)(t=(e=s[r]).getAttribute(\"data-secret\"))||(t=Math.random().toString(36).substring(2,12),e.src+=\"#?secret=\"+t,e.setAttribute(\"data-secret\",t)),e.contentWindow.postMessage({message:\"ready\",secret:t},\"*\")},!1)))}(window,document);\n\/* ]]> *\/\n<\/script>\n","description":"FORMATION \u2013&nbsp;Plongez au c\u0153ur du savoir \u00e0 Fribourg.&nbsp; Le canton de Fribourg, fort de son dynamisme \u00e9ducatif et de son esprit d\u2019innovation, est un p\u00f4le de formation o\u00f9 se rencontrent \u00e9tudiant\u00b7es, enseignant\u00b7es et expert\u00b7es de divers horizons. Avec des institutions de renom, des centres de formation sp\u00e9cialis\u00e9s et un large \u00e9ventail de cursus adapt\u00e9s \u00e0 [...]Lire la suite...","thumbnail_url":"https:\/\/fribourg.ch\/wp-content\/uploads\/2025\/05\/logo-uni-fr.png"}

Région de Fribourg

<blockquote class="wp-embedded-content" data-secret="BjXu2BvDZR"><a href="https://fribourg.ch/fr/formation/">Formation</a></blockquote><iframe sandbox="allow-scripts" security="restricted" src="https://fribourg.ch/fr/formation/embed/#?secret=BjXu2BvDZR" width="600" height="338" title="« Formation » &#8212; Région de Fribourg" data-secret="BjXu2BvDZR" frameborder="0" marginwidth="0" marginheight="0" scrolling="no" class="wp-embedded-content"></iframe><script type="text/javascript">
/* <![CDATA[ */
/*! This file is auto-generated */
!function(d,l){"use strict";l.querySelector&&d.addEventListener&&"undefined"!=typeof URL&&(d.wp=d.wp||{},d.wp.receiveEmbedMessage||(d.wp.receiveEmbedMessage=function(e){var t=e.data;if((t||t.secret||t.message||t.value)&&!/[^a-zA-Z0-9]/.test(t.secret)){for(var s,r,n,a=l.querySelectorAll('iframe[data-secret="'+t.secret+'"]'),o=l.querySelectorAll('blockquote[data-secret="'+t.secret+'"]'),c=new RegExp("^https?:$","i"),i=0;i<o.length;i++)o[i].style.display="none";for(i=0;i<a.length;i++)s=a[i],e.source===s.contentWindow&&(s.removeAttribute("style"),"height"===t.message?(1e3<(r=parseInt(t.value,10))?r=1e3:~~r<200&&(r=200),s.height=r):"link"===t.message&&(r=new URL(s.getAttribute("src")),n=new URL(t.value),c.test(n.protocol))&&n.host===r.host&&l.activeElement===s&&(d.top.location.href=t.value))}},d.addEventListener("message",d.wp.receiveEmbedMessage,!1),l.addEventListener("DOMContentLoaded",function(){for(var e,t,s=l.querySelectorAll("iframe.wp-embedded-content"),r=0;r<s.length;r++)(t=(e=s[r]).getAttribute("data-secret"))||(t=Math.random().toString(36).substring(2,12),e.src+="#?secret="+t,e.setAttribute("data-secret",t)),e.contentWindow.postMessage({message:"ready",secret:t},"*")},!1)))}(window,document);
/* ]]> */
</script>

FORMATION –&nbsp;Plongez au cœur du savoir à Fribourg.&nbsp; Le canton de Fribourg, fort de son dynamisme éducatif et de son esprit d’innovation, est un pôle de formation où se rencontrent étudiant·es, enseignant·es et expert·es de divers horizons. Avec des institutions de renom, des centres de formation spécialisés et un large éventail de cursus adaptés à [...]Lire la suite...
