{"version":"1.0","provider_name":"R\u00e9gion de Fribourg","provider_url":"https:\/\/fribourg.ch\/fr\/","title":"Proposition de programme pour les amoureux-ses de la nature","type":"rich","width":600,"height":338,"html":"<blockquote class=\"wp-embedded-content\" data-secret=\"D84X8K2oSi\"><a href=\"https:\/\/fribourg.ch\/fr\/inscription-newsletter\/confirmation-inscription\/programme-sportifs\/\">Proposition de programme pour les amoureux-ses de la nature<\/a><\/blockquote><iframe sandbox=\"allow-scripts\" security=\"restricted\" src=\"https:\/\/fribourg.ch\/fr\/inscription-newsletter\/confirmation-inscription\/programme-sportifs\/embed\/#?secret=D84X8K2oSi\" width=\"600\" height=\"338\" title=\"\u00ab\u00a0Proposition de programme pour les amoureux-ses de la nature\u00a0\u00bb &#8212; R\u00e9gion de Fribourg\" data-secret=\"D84X8K2oSi\" frameborder=\"0\" marginwidth=\"0\" marginheight=\"0\" scrolling=\"no\" class=\"wp-embedded-content\"><\/iframe><script type=\"text\/javascript\">\n\/* <![CDATA[ *\/\n\/*! This file is auto-generated *\/\n!function(d,l){\"use strict\";l.querySelector&&d.addEventListener&&\"undefined\"!=typeof URL&&(d.wp=d.wp||{},d.wp.receiveEmbedMessage||(d.wp.receiveEmbedMessage=function(e){var t=e.data;if((t||t.secret||t.message||t.value)&&!\/[^a-zA-Z0-9]\/.test(t.secret)){for(var s,r,n,a=l.querySelectorAll('iframe[data-secret=\"'+t.secret+'\"]'),o=l.querySelectorAll('blockquote[data-secret=\"'+t.secret+'\"]'),c=new RegExp(\"^https?:$\",\"i\"),i=0;i<o.length;i++)o[i].style.display=\"none\";for(i=0;i<a.length;i++)s=a[i],e.source===s.contentWindow&&(s.removeAttribute(\"style\"),\"height\"===t.message?(1e3<(r=parseInt(t.value,10))?r=1e3:~~r<200&&(r=200),s.height=r):\"link\"===t.message&&(r=new URL(s.getAttribute(\"src\")),n=new URL(t.value),c.test(n.protocol))&&n.host===r.host&&l.activeElement===s&&(d.top.location.href=t.value))}},d.addEventListener(\"message\",d.wp.receiveEmbedMessage,!1),l.addEventListener(\"DOMContentLoaded\",function(){for(var e,t,s=l.querySelectorAll(\"iframe.wp-embedded-content\"),r=0;r<s.length;r++)(t=(e=s[r]).getAttribute(\"data-secret\"))||(t=Math.random().toString(36).substring(2,12),e.src+=\"#?secret=\"+t,e.setAttribute(\"data-secret\",t)),e.contentWindow.postMessage({message:\"ready\",secret:t},\"*\")},!1)))}(window,document);\n\/* ]]> *\/\n<\/script>\n","thumbnail_url":"https:\/\/fribourg.ch\/wp-content\/uploads\/2023\/12\/Ref.PA_24.10.2021_060.jpg","thumbnail_width":2500,"thumbnail_height":833,"description":"\u00a9 Pascal Gertschen Jour 1 \u2013 Les Paccots Envie d\u2019une randonn\u00e9e vers les sommets?&nbsp;Teysachaux, un magnifique vanil fribourgeois, vous ouvre les bras. Depuis le&nbsp;chalet Incrota, la mont\u00e9e m\u00e8ne vers la Tremetta o\u00f9 vous attend un tron\u00e7on d\u2019escalade (niveau d\u00e9butants). Arriv\u00e9 \u00e0 la croix, c\u2019est un pur bonheur d\u2019admirer la vue sur les montagnes environnantes et [...]Lire la suite..."}

Région de Fribourg

<blockquote class="wp-embedded-content" data-secret="D84X8K2oSi"><a href="https://fribourg.ch/fr/inscription-newsletter/confirmation-inscription/programme-sportifs/">Proposition de programme pour les amoureux-ses de la nature</a></blockquote><iframe sandbox="allow-scripts" security="restricted" src="https://fribourg.ch/fr/inscription-newsletter/confirmation-inscription/programme-sportifs/embed/#?secret=D84X8K2oSi" width="600" height="338" title="« Proposition de programme pour les amoureux-ses de la nature » &#8212; Région de Fribourg" data-secret="D84X8K2oSi" frameborder="0" marginwidth="0" marginheight="0" scrolling="no" class="wp-embedded-content"></iframe><script type="text/javascript">
/* <![CDATA[ */
/*! This file is auto-generated */
!function(d,l){"use strict";l.querySelector&&d.addEventListener&&"undefined"!=typeof URL&&(d.wp=d.wp||{},d.wp.receiveEmbedMessage||(d.wp.receiveEmbedMessage=function(e){var t=e.data;if((t||t.secret||t.message||t.value)&&!/[^a-zA-Z0-9]/.test(t.secret)){for(var s,r,n,a=l.querySelectorAll('iframe[data-secret="'+t.secret+'"]'),o=l.querySelectorAll('blockquote[data-secret="'+t.secret+'"]'),c=new RegExp("^https?:$","i"),i=0;i<o.length;i++)o[i].style.display="none";for(i=0;i<a.length;i++)s=a[i],e.source===s.contentWindow&&(s.removeAttribute("style"),"height"===t.message?(1e3<(r=parseInt(t.value,10))?r=1e3:~~r<200&&(r=200),s.height=r):"link"===t.message&&(r=new URL(s.getAttribute("src")),n=new URL(t.value),c.test(n.protocol))&&n.host===r.host&&l.activeElement===s&&(d.top.location.href=t.value))}},d.addEventListener("message",d.wp.receiveEmbedMessage,!1),l.addEventListener("DOMContentLoaded",function(){for(var e,t,s=l.querySelectorAll("iframe.wp-embedded-content"),r=0;r<s.length;r++)(t=(e=s[r]).getAttribute("data-secret"))||(t=Math.random().toString(36).substring(2,12),e.src+="#?secret="+t,e.setAttribute("data-secret",t)),e.contentWindow.postMessage({message:"ready",secret:t},"*")},!1)))}(window,document);
/* ]]> */
</script>

© Pascal Gertschen Jour 1 – Les Paccots Envie d’une randonnée vers les sommets?&nbsp;Teysachaux, un magnifique vanil fribourgeois, vous ouvre les bras. Depuis le&nbsp;chalet Incrota, la montée mène vers la Tremetta où vous attend un tronçon d’escalade (niveau débutants). Arrivé à la croix, c’est un pur bonheur d’admirer la vue sur les montagnes environnantes et [...]Lire la suite...
