{"version":"1.0","provider_name":"R\u00e9gion de Fribourg","provider_url":"https:\/\/fribourg.ch\/fr\/","title":"L\u2019essentiel en bref","type":"rich","width":600,"height":338,"html":"<blockquote class=\"wp-embedded-content\" data-secret=\"RgBuUWay4w\"><a href=\"https:\/\/fribourg.ch\/fr\/kit-supporter\/essentiel-en-bref\/\">L\u2019essentiel en bref<\/a><\/blockquote><iframe sandbox=\"allow-scripts\" security=\"restricted\" src=\"https:\/\/fribourg.ch\/fr\/kit-supporter\/essentiel-en-bref\/embed\/#?secret=RgBuUWay4w\" width=\"600\" height=\"338\" title=\"\u00ab\u00a0L\u2019essentiel en bref\u00a0\u00bb &#8212; R\u00e9gion de Fribourg\" data-secret=\"RgBuUWay4w\" frameborder=\"0\" marginwidth=\"0\" marginheight=\"0\" scrolling=\"no\" class=\"wp-embedded-content\"><\/iframe><script type=\"text\/javascript\">\n\/* <![CDATA[ *\/\n\/*! This file is auto-generated *\/\n!function(d,l){\"use strict\";l.querySelector&&d.addEventListener&&\"undefined\"!=typeof URL&&(d.wp=d.wp||{},d.wp.receiveEmbedMessage||(d.wp.receiveEmbedMessage=function(e){var t=e.data;if((t||t.secret||t.message||t.value)&&!\/[^a-zA-Z0-9]\/.test(t.secret)){for(var s,r,n,a=l.querySelectorAll('iframe[data-secret=\"'+t.secret+'\"]'),o=l.querySelectorAll('blockquote[data-secret=\"'+t.secret+'\"]'),c=new RegExp(\"^https?:$\",\"i\"),i=0;i<o.length;i++)o[i].style.display=\"none\";for(i=0;i<a.length;i++)s=a[i],e.source===s.contentWindow&&(s.removeAttribute(\"style\"),\"height\"===t.message?(1e3<(r=parseInt(t.value,10))?r=1e3:~~r<200&&(r=200),s.height=r):\"link\"===t.message&&(r=new URL(s.getAttribute(\"src\")),n=new URL(t.value),c.test(n.protocol))&&n.host===r.host&&l.activeElement===s&&(d.top.location.href=t.value))}},d.addEventListener(\"message\",d.wp.receiveEmbedMessage,!1),l.addEventListener(\"DOMContentLoaded\",function(){for(var e,t,s=l.querySelectorAll(\"iframe.wp-embedded-content\"),r=0;r<s.length;r++)(t=(e=s[r]).getAttribute(\"data-secret\"))||(t=Math.random().toString(36).substring(2,12),e.src+=\"#?secret=\"+t,e.setAttribute(\"data-secret\",t)),e.contentWindow.postMessage({message:\"ready\",secret:t},\"*\")},!1)))}(window,document);\n\/* ]]> *\/\n<\/script>\n","thumbnail_url":"https:\/\/fribourg.ch\/wp-content\/uploads\/2025\/08\/Banner-\u00a9-UFTFTV-Nicole-Schafer-Les-Paccots-_-Ref.PA_11.08.2023_017.jpg","thumbnail_width":1920,"thumbnail_height":450,"description":"Lexique Le fran\u00e7ais et l\u2019allemand sont les langues officielles du canton de Fribourg, Partenaire officiel du CM 2026 de l\u2019IIHF. En Ville H\u00f4te de Fribourg, on parle principalement le fran\u00e7ais, mais l\u2019on rencontre \u00e9galement des germanophones. Le lexique ci-dessous vous aidera \u00e0 vous faire comprendre sur place. Fran\u00e7ais Allemand Anglais Bonjour&nbsp;! \/ Bonsoir&nbsp;! Guten Tag! [...]Lire la suite..."}

Région de Fribourg

<blockquote class="wp-embedded-content" data-secret="RgBuUWay4w"><a href="https://fribourg.ch/fr/kit-supporter/essentiel-en-bref/">L’essentiel en bref</a></blockquote><iframe sandbox="allow-scripts" security="restricted" src="https://fribourg.ch/fr/kit-supporter/essentiel-en-bref/embed/#?secret=RgBuUWay4w" width="600" height="338" title="« L’essentiel en bref » &#8212; Région de Fribourg" data-secret="RgBuUWay4w" frameborder="0" marginwidth="0" marginheight="0" scrolling="no" class="wp-embedded-content"></iframe><script type="text/javascript">
/* <![CDATA[ */
/*! This file is auto-generated */
!function(d,l){"use strict";l.querySelector&&d.addEventListener&&"undefined"!=typeof URL&&(d.wp=d.wp||{},d.wp.receiveEmbedMessage||(d.wp.receiveEmbedMessage=function(e){var t=e.data;if((t||t.secret||t.message||t.value)&&!/[^a-zA-Z0-9]/.test(t.secret)){for(var s,r,n,a=l.querySelectorAll('iframe[data-secret="'+t.secret+'"]'),o=l.querySelectorAll('blockquote[data-secret="'+t.secret+'"]'),c=new RegExp("^https?:$","i"),i=0;i<o.length;i++)o[i].style.display="none";for(i=0;i<a.length;i++)s=a[i],e.source===s.contentWindow&&(s.removeAttribute("style"),"height"===t.message?(1e3<(r=parseInt(t.value,10))?r=1e3:~~r<200&&(r=200),s.height=r):"link"===t.message&&(r=new URL(s.getAttribute("src")),n=new URL(t.value),c.test(n.protocol))&&n.host===r.host&&l.activeElement===s&&(d.top.location.href=t.value))}},d.addEventListener("message",d.wp.receiveEmbedMessage,!1),l.addEventListener("DOMContentLoaded",function(){for(var e,t,s=l.querySelectorAll("iframe.wp-embedded-content"),r=0;r<s.length;r++)(t=(e=s[r]).getAttribute("data-secret"))||(t=Math.random().toString(36).substring(2,12),e.src+="#?secret="+t,e.setAttribute("data-secret",t)),e.contentWindow.postMessage({message:"ready",secret:t},"*")},!1)))}(window,document);
/* ]]> */
</script>

Lexique Le français et l’allemand sont les langues officielles du canton de Fribourg, Partenaire officiel du CM 2026 de l’IIHF. En Ville Hôte de Fribourg, on parle principalement le français, mais l’on rencontre également des germanophones. Le lexique ci-dessous vous aidera à vous faire comprendre sur place. Français Allemand Anglais Bonjour&nbsp;! / Bonsoir&nbsp;! Guten Tag! [...]Lire la suite...
