{"version":"1.0","provider_name":"R\u00e9gion de Fribourg","provider_url":"https:\/\/fribourg.ch\/fr\/","title":"Offres \u00e0 la demande","type":"rich","width":600,"height":338,"html":"<blockquote class=\"wp-embedded-content\" data-secret=\"nzg18p2Qm4\"><a href=\"https:\/\/fribourg.ch\/fr\/randonnees-accompagnees\/offres\/\">Offres \u00e0 la demande<\/a><\/blockquote><iframe sandbox=\"allow-scripts\" security=\"restricted\" src=\"https:\/\/fribourg.ch\/fr\/randonnees-accompagnees\/offres\/embed\/#?secret=nzg18p2Qm4\" width=\"600\" height=\"338\" title=\"\u00ab\u00a0Offres \u00e0 la demande\u00a0\u00bb &#8212; R\u00e9gion de Fribourg\" data-secret=\"nzg18p2Qm4\" frameborder=\"0\" marginwidth=\"0\" marginheight=\"0\" scrolling=\"no\" class=\"wp-embedded-content\"><\/iframe><script type=\"text\/javascript\">\n\/* <![CDATA[ *\/\n\/*! This file is auto-generated *\/\n!function(d,l){\"use strict\";l.querySelector&&d.addEventListener&&\"undefined\"!=typeof URL&&(d.wp=d.wp||{},d.wp.receiveEmbedMessage||(d.wp.receiveEmbedMessage=function(e){var t=e.data;if((t||t.secret||t.message||t.value)&&!\/[^a-zA-Z0-9]\/.test(t.secret)){for(var s,r,n,a=l.querySelectorAll('iframe[data-secret=\"'+t.secret+'\"]'),o=l.querySelectorAll('blockquote[data-secret=\"'+t.secret+'\"]'),c=new RegExp(\"^https?:$\",\"i\"),i=0;i<o.length;i++)o[i].style.display=\"none\";for(i=0;i<a.length;i++)s=a[i],e.source===s.contentWindow&&(s.removeAttribute(\"style\"),\"height\"===t.message?(1e3<(r=parseInt(t.value,10))?r=1e3:~~r<200&&(r=200),s.height=r):\"link\"===t.message&&(r=new URL(s.getAttribute(\"src\")),n=new URL(t.value),c.test(n.protocol))&&n.host===r.host&&l.activeElement===s&&(d.top.location.href=t.value))}},d.addEventListener(\"message\",d.wp.receiveEmbedMessage,!1),l.addEventListener(\"DOMContentLoaded\",function(){for(var e,t,s=l.querySelectorAll(\"iframe.wp-embedded-content\"),r=0;r<s.length;r++)(t=(e=s[r]).getAttribute(\"data-secret\"))||(t=Math.random().toString(36).substring(2,12),e.src+=\"#?secret=\"+t,e.setAttribute(\"data-secret\",t)),e.contentWindow.postMessage({message:\"ready\",secret:t},\"*\")},!1)))}(window,document);\n\/* ]]> *\/\n<\/script>\n","thumbnail_url":"https:\/\/fribourg.ch\/wp-content\/uploads\/2021\/07\/01250.jpg","thumbnail_width":1920,"thumbnail_height":450,"description":"L\u2019accompagnateur\/trice en montagne est un-e professionnel-le qui accompagne sa client\u00e8le \u00e0 la rencontre des multiples facettes et richesses que peut offrir une r\u00e9gion. Il transmet ses connaissances portant sur l\u2019environnement naturel, historique et socioculturel de la r\u00e9gion concern\u00e9e en vous faisant vivre lors de chaque randonn\u00e9e une magnifique exp\u00e9rience. Le tarif est convenu entre le\/la [...]Lire la suite..."}

Région de Fribourg

Offres à la demande

<blockquote class="wp-embedded-content" data-secret="nzg18p2Qm4"><a href="https://fribourg.ch/fr/randonnees-accompagnees/offres/">Offres à la demande</a></blockquote><iframe sandbox="allow-scripts" security="restricted" src="https://fribourg.ch/fr/randonnees-accompagnees/offres/embed/#?secret=nzg18p2Qm4" width="600" height="338" title="« Offres à la demande » &#8212; Région de Fribourg" data-secret="nzg18p2Qm4" frameborder="0" marginwidth="0" marginheight="0" scrolling="no" class="wp-embedded-content"></iframe><script type="text/javascript">
/* <![CDATA[ */
/*! This file is auto-generated */
!function(d,l){"use strict";l.querySelector&&d.addEventListener&&"undefined"!=typeof URL&&(d.wp=d.wp||{},d.wp.receiveEmbedMessage||(d.wp.receiveEmbedMessage=function(e){var t=e.data;if((t||t.secret||t.message||t.value)&&!/[^a-zA-Z0-9]/.test(t.secret)){for(var s,r,n,a=l.querySelectorAll('iframe[data-secret="'+t.secret+'"]'),o=l.querySelectorAll('blockquote[data-secret="'+t.secret+'"]'),c=new RegExp("^https?:$","i"),i=0;i<o.length;i++)o[i].style.display="none";for(i=0;i<a.length;i++)s=a[i],e.source===s.contentWindow&&(s.removeAttribute("style"),"height"===t.message?(1e3<(r=parseInt(t.value,10))?r=1e3:~~r<200&&(r=200),s.height=r):"link"===t.message&&(r=new URL(s.getAttribute("src")),n=new URL(t.value),c.test(n.protocol))&&n.host===r.host&&l.activeElement===s&&(d.top.location.href=t.value))}},d.addEventListener("message",d.wp.receiveEmbedMessage,!1),l.addEventListener("DOMContentLoaded",function(){for(var e,t,s=l.querySelectorAll("iframe.wp-embedded-content"),r=0;r<s.length;r++)(t=(e=s[r]).getAttribute("data-secret"))||(t=Math.random().toString(36).substring(2,12),e.src+="#?secret="+t,e.setAttribute("data-secret",t)),e.contentWindow.postMessage({message:"ready",secret:t},"*")},!1)))}(window,document);
/* ]]> */
</script>

L’accompagnateur/trice en montagne est un-e professionnel-le qui accompagne sa clientèle à la rencontre des multiples facettes et richesses que peut offrir une région. Il transmet ses connaissances portant sur l’environnement naturel, historique et socioculturel de la région concernée en vous faisant vivre lors de chaque randonnée une magnifique expérience. Le tarif est convenu entre le/la [...]Lire la suite...
