{"version":"1.0","provider_name":"R\u00e9gion de Fribourg","provider_url":"https:\/\/fribourg.ch\/fr\/","title":"Campagne label","type":"rich","width":600,"height":338,"html":"<blockquote class=\"wp-embedded-content\" data-secret=\"rPGb1BZ0n0\"><a href=\"https:\/\/fribourg.ch\/fr\/terroir-fribourg\/campagne-label\/\">Campagne label<\/a><\/blockquote><iframe sandbox=\"allow-scripts\" security=\"restricted\" src=\"https:\/\/fribourg.ch\/fr\/terroir-fribourg\/campagne-label\/embed\/#?secret=rPGb1BZ0n0\" width=\"600\" height=\"338\" title=\"\u00ab\u00a0Campagne label\u00a0\u00bb &#8212; R\u00e9gion de Fribourg\" data-secret=\"rPGb1BZ0n0\" frameborder=\"0\" marginwidth=\"0\" marginheight=\"0\" scrolling=\"no\" class=\"wp-embedded-content\"><\/iframe><script type=\"text\/javascript\">\n\/* <![CDATA[ *\/\n\/*! This file is auto-generated *\/\n!function(d,l){\"use strict\";l.querySelector&&d.addEventListener&&\"undefined\"!=typeof URL&&(d.wp=d.wp||{},d.wp.receiveEmbedMessage||(d.wp.receiveEmbedMessage=function(e){var t=e.data;if((t||t.secret||t.message||t.value)&&!\/[^a-zA-Z0-9]\/.test(t.secret)){for(var s,r,n,a=l.querySelectorAll('iframe[data-secret=\"'+t.secret+'\"]'),o=l.querySelectorAll('blockquote[data-secret=\"'+t.secret+'\"]'),c=new RegExp(\"^https?:$\",\"i\"),i=0;i<o.length;i++)o[i].style.display=\"none\";for(i=0;i<a.length;i++)s=a[i],e.source===s.contentWindow&&(s.removeAttribute(\"style\"),\"height\"===t.message?(1e3<(r=parseInt(t.value,10))?r=1e3:~~r<200&&(r=200),s.height=r):\"link\"===t.message&&(r=new URL(s.getAttribute(\"src\")),n=new URL(t.value),c.test(n.protocol))&&n.host===r.host&&l.activeElement===s&&(d.top.location.href=t.value))}},d.addEventListener(\"message\",d.wp.receiveEmbedMessage,!1),l.addEventListener(\"DOMContentLoaded\",function(){for(var e,t,s=l.querySelectorAll(\"iframe.wp-embedded-content\"),r=0;r<s.length;r++)(t=(e=s[r]).getAttribute(\"data-secret\"))||(t=Math.random().toString(36).substring(2,12),e.src+=\"#?secret=\"+t,e.setAttribute(\"data-secret\",t)),e.contentWindow.postMessage({message:\"ready\",secret:t},\"*\")},!1)))}(window,document);\n\/* ]]> *\/\n<\/script>\n","thumbnail_url":"https:\/\/fribourg.ch\/wp-content\/uploads\/2025\/06\/banner-campagne-label.jpg","thumbnail_width":2500,"thumbnail_height":586,"description":"En 2025, notre label \u00ab Fribourg-regio.garantie \u00bb f\u00eate fi\u00e8rement ses 10 ans. Pour marquer cet anniversaire important et renforcer notre engagement, nous avons r\u00e9alis\u00e9 un film promotionnel refl\u00e9tant l\u2019esprit et les valeurs du label. Label \u00ab\u00a0fribourg-regio-garantie\u00a0\u00bb La promotion du label vise \u00e0 faire augmenter la notori\u00e9t\u00e9 du label \u00ab\u00a0Fribourg-regio.garantie\u00a0\u00bb aupr\u00e8s des consommatrices et consommateurs fribourgeois. [...]Lire la suite..."}

Région de Fribourg

<blockquote class="wp-embedded-content" data-secret="rPGb1BZ0n0"><a href="https://fribourg.ch/fr/terroir-fribourg/campagne-label/">Campagne label</a></blockquote><iframe sandbox="allow-scripts" security="restricted" src="https://fribourg.ch/fr/terroir-fribourg/campagne-label/embed/#?secret=rPGb1BZ0n0" width="600" height="338" title="« Campagne label » &#8212; Région de Fribourg" data-secret="rPGb1BZ0n0" frameborder="0" marginwidth="0" marginheight="0" scrolling="no" class="wp-embedded-content"></iframe><script type="text/javascript">
/* <![CDATA[ */
/*! This file is auto-generated */
!function(d,l){"use strict";l.querySelector&&d.addEventListener&&"undefined"!=typeof URL&&(d.wp=d.wp||{},d.wp.receiveEmbedMessage||(d.wp.receiveEmbedMessage=function(e){var t=e.data;if((t||t.secret||t.message||t.value)&&!/[^a-zA-Z0-9]/.test(t.secret)){for(var s,r,n,a=l.querySelectorAll('iframe[data-secret="'+t.secret+'"]'),o=l.querySelectorAll('blockquote[data-secret="'+t.secret+'"]'),c=new RegExp("^https?:$","i"),i=0;i<o.length;i++)o[i].style.display="none";for(i=0;i<a.length;i++)s=a[i],e.source===s.contentWindow&&(s.removeAttribute("style"),"height"===t.message?(1e3<(r=parseInt(t.value,10))?r=1e3:~~r<200&&(r=200),s.height=r):"link"===t.message&&(r=new URL(s.getAttribute("src")),n=new URL(t.value),c.test(n.protocol))&&n.host===r.host&&l.activeElement===s&&(d.top.location.href=t.value))}},d.addEventListener("message",d.wp.receiveEmbedMessage,!1),l.addEventListener("DOMContentLoaded",function(){for(var e,t,s=l.querySelectorAll("iframe.wp-embedded-content"),r=0;r<s.length;r++)(t=(e=s[r]).getAttribute("data-secret"))||(t=Math.random().toString(36).substring(2,12),e.src+="#?secret="+t,e.setAttribute("data-secret",t)),e.contentWindow.postMessage({message:"ready",secret:t},"*")},!1)))}(window,document);
/* ]]> */
</script>

En 2025, notre label « Fribourg-regio.garantie » fête fièrement ses 10 ans. Pour marquer cet anniversaire important et renforcer notre engagement, nous avons réalisé un film promotionnel reflétant l’esprit et les valeurs du label. Label « fribourg-regio-garantie » La promotion du label vise à faire augmenter la notoriété du label « Fribourg-regio.garantie » auprès des consommatrices et consommateurs fribourgeois. [...]Lire la suite...
