{"version":"1.0","provider_name":"R\u00e9gion de Fribourg","provider_url":"https:\/\/fribourg.ch\/fr\/","title":"Interprofession du Vacherin Fribourgeois","type":"rich","width":600,"height":338,"html":"<blockquote class=\"wp-embedded-content\" data-secret=\"Yk5PDiW9VI\"><a href=\"https:\/\/fribourg.ch\/fr\/terroir-fribourg\/producteurs\/interprofession-du-vacherin-fribourgeois\/\">Interprofession du Vacherin Fribourgeois<\/a><\/blockquote><iframe sandbox=\"allow-scripts\" security=\"restricted\" src=\"https:\/\/fribourg.ch\/fr\/terroir-fribourg\/producteurs\/interprofession-du-vacherin-fribourgeois\/embed\/#?secret=Yk5PDiW9VI\" width=\"600\" height=\"338\" title=\"\u00ab\u00a0Interprofession du Vacherin Fribourgeois\u00a0\u00bb &#8212; R\u00e9gion de Fribourg\" data-secret=\"Yk5PDiW9VI\" frameborder=\"0\" marginwidth=\"0\" marginheight=\"0\" scrolling=\"no\" class=\"wp-embedded-content\"><\/iframe><script type=\"text\/javascript\">\n\/* <![CDATA[ *\/\n\/*! This file is auto-generated *\/\n!function(d,l){\"use strict\";l.querySelector&&d.addEventListener&&\"undefined\"!=typeof URL&&(d.wp=d.wp||{},d.wp.receiveEmbedMessage||(d.wp.receiveEmbedMessage=function(e){var t=e.data;if((t||t.secret||t.message||t.value)&&!\/[^a-zA-Z0-9]\/.test(t.secret)){for(var s,r,n,a=l.querySelectorAll('iframe[data-secret=\"'+t.secret+'\"]'),o=l.querySelectorAll('blockquote[data-secret=\"'+t.secret+'\"]'),c=new RegExp(\"^https?:$\",\"i\"),i=0;i<o.length;i++)o[i].style.display=\"none\";for(i=0;i<a.length;i++)s=a[i],e.source===s.contentWindow&&(s.removeAttribute(\"style\"),\"height\"===t.message?(1e3<(r=parseInt(t.value,10))?r=1e3:~~r<200&&(r=200),s.height=r):\"link\"===t.message&&(r=new URL(s.getAttribute(\"src\")),n=new URL(t.value),c.test(n.protocol))&&n.host===r.host&&l.activeElement===s&&(d.top.location.href=t.value))}},d.addEventListener(\"message\",d.wp.receiveEmbedMessage,!1),l.addEventListener(\"DOMContentLoaded\",function(){for(var e,t,s=l.querySelectorAll(\"iframe.wp-embedded-content\"),r=0;r<s.length;r++)(t=(e=s[r]).getAttribute(\"data-secret\"))||(t=Math.random().toString(36).substring(2,12),e.src+=\"#?secret=\"+t,e.setAttribute(\"data-secret\",t)),e.contentWindow.postMessage({message:\"ready\",secret:t},\"*\")},!1)))}(window,document);\n\/* ]]> *\/\n<\/script>\n","description":"Pr\u00e9sentation L\u2019interprofession du Vacherin Fribourgeois est une organisation repr\u00e9sentant les producteurs de lait, les fromagers et les affineurs de leur corporation respective. Elle d\u00e9fend ainsi les int\u00e9r\u00eats des fili\u00e8res du Vacherin Fribourgeois AOP en coordonnant et en g\u00e9rant la production puis l\u2019offre, ce qui lui permet de d\u00e9finir les r\u00e8gles de fonctionnement des march\u00e9s. Chacune [...]Lire la suite...","thumbnail_url":"default"}

Région de Fribourg

<blockquote class="wp-embedded-content" data-secret="Yk5PDiW9VI"><a href="https://fribourg.ch/fr/terroir-fribourg/producteurs/interprofession-du-vacherin-fribourgeois/">Interprofession du Vacherin Fribourgeois</a></blockquote><iframe sandbox="allow-scripts" security="restricted" src="https://fribourg.ch/fr/terroir-fribourg/producteurs/interprofession-du-vacherin-fribourgeois/embed/#?secret=Yk5PDiW9VI" width="600" height="338" title="« Interprofession du Vacherin Fribourgeois » &#8212; Région de Fribourg" data-secret="Yk5PDiW9VI" frameborder="0" marginwidth="0" marginheight="0" scrolling="no" class="wp-embedded-content"></iframe><script type="text/javascript">
/* <![CDATA[ */
/*! This file is auto-generated */
!function(d,l){"use strict";l.querySelector&&d.addEventListener&&"undefined"!=typeof URL&&(d.wp=d.wp||{},d.wp.receiveEmbedMessage||(d.wp.receiveEmbedMessage=function(e){var t=e.data;if((t||t.secret||t.message||t.value)&&!/[^a-zA-Z0-9]/.test(t.secret)){for(var s,r,n,a=l.querySelectorAll('iframe[data-secret="'+t.secret+'"]'),o=l.querySelectorAll('blockquote[data-secret="'+t.secret+'"]'),c=new RegExp("^https?:$","i"),i=0;i<o.length;i++)o[i].style.display="none";for(i=0;i<a.length;i++)s=a[i],e.source===s.contentWindow&&(s.removeAttribute("style"),"height"===t.message?(1e3<(r=parseInt(t.value,10))?r=1e3:~~r<200&&(r=200),s.height=r):"link"===t.message&&(r=new URL(s.getAttribute("src")),n=new URL(t.value),c.test(n.protocol))&&n.host===r.host&&l.activeElement===s&&(d.top.location.href=t.value))}},d.addEventListener("message",d.wp.receiveEmbedMessage,!1),l.addEventListener("DOMContentLoaded",function(){for(var e,t,s=l.querySelectorAll("iframe.wp-embedded-content"),r=0;r<s.length;r++)(t=(e=s[r]).getAttribute("data-secret"))||(t=Math.random().toString(36).substring(2,12),e.src+="#?secret="+t,e.setAttribute("data-secret",t)),e.contentWindow.postMessage({message:"ready",secret:t},"*")},!1)))}(window,document);
/* ]]> */
</script>

Présentation L’interprofession du Vacherin Fribourgeois est une organisation représentant les producteurs de lait, les fromagers et les affineurs de leur corporation respective. Elle défend ainsi les intérêts des filières du Vacherin Fribourgeois AOP en coordonnant et en gérant la production puis l’offre, ce qui lui permet de définir les règles de fonctionnement des marchés. Chacune [...]Lire la suite...
