{"version":"1.0","provider_name":"R\u00e9gion de Fribourg","provider_url":"https:\/\/fribourg.ch\/fr\/","title":"Mont-Vully","type":"rich","width":600,"height":338,"html":"<blockquote class=\"wp-embedded-content\" data-secret=\"ex6eSN7GEc\"><a href=\"https:\/\/fribourg.ch\/fr\/terroir-fribourg\/produits\/mont-vully\/\">Mont-Vully<\/a><\/blockquote><iframe sandbox=\"allow-scripts\" security=\"restricted\" src=\"https:\/\/fribourg.ch\/fr\/terroir-fribourg\/produits\/mont-vully\/embed\/#?secret=ex6eSN7GEc\" width=\"600\" height=\"338\" title=\"\u00ab\u00a0Mont-Vully\u00a0\u00bb &#8212; R\u00e9gion de Fribourg\" data-secret=\"ex6eSN7GEc\" frameborder=\"0\" marginwidth=\"0\" marginheight=\"0\" scrolling=\"no\" class=\"wp-embedded-content\"><\/iframe><script type=\"text\/javascript\">\n\/* <![CDATA[ *\/\n\/*! This file is auto-generated *\/\n!function(d,l){\"use strict\";l.querySelector&&d.addEventListener&&\"undefined\"!=typeof URL&&(d.wp=d.wp||{},d.wp.receiveEmbedMessage||(d.wp.receiveEmbedMessage=function(e){var t=e.data;if((t||t.secret||t.message||t.value)&&!\/[^a-zA-Z0-9]\/.test(t.secret)){for(var s,r,n,a=l.querySelectorAll('iframe[data-secret=\"'+t.secret+'\"]'),o=l.querySelectorAll('blockquote[data-secret=\"'+t.secret+'\"]'),c=new RegExp(\"^https?:$\",\"i\"),i=0;i<o.length;i++)o[i].style.display=\"none\";for(i=0;i<a.length;i++)s=a[i],e.source===s.contentWindow&&(s.removeAttribute(\"style\"),\"height\"===t.message?(1e3<(r=parseInt(t.value,10))?r=1e3:~~r<200&&(r=200),s.height=r):\"link\"===t.message&&(r=new URL(s.getAttribute(\"src\")),n=new URL(t.value),c.test(n.protocol))&&n.host===r.host&&l.activeElement===s&&(d.top.location.href=t.value))}},d.addEventListener(\"message\",d.wp.receiveEmbedMessage,!1),l.addEventListener(\"DOMContentLoaded\",function(){for(var e,t,s=l.querySelectorAll(\"iframe.wp-embedded-content\"),r=0;r<s.length;r++)(t=(e=s[r]).getAttribute(\"data-secret\"))||(t=Math.random().toString(36).substring(2,12),e.src+=\"#?secret=\"+t,e.setAttribute(\"data-secret\",t)),e.contentWindow.postMessage({message:\"ready\",secret:t},\"*\")},!1)))}(window,document);\n\/* ]]> *\/\n<\/script>\n","description":"La premi\u00e8re meule de \u00ab\u00a0Mont-Vully\u00a0\u00bb voit le jour en 1994 \u00e0 la fromagerie de Cressier. Son cr\u00e9ateur est M. Edwald Schafer, fromager dipl\u00f4m\u00e9 de Grangeneuve et ing\u00e9nieur en agriculture \u00e0 Zollikofen. Pour ce qui est des particularit\u00e9s du \u00ab\u00a0Mont-Vully\u00a0\u00bb, ce fromage \u00e0 p\u00e2te mi-dure voit sa cro\u00fbte lav\u00e9e et frott\u00e9e au Pinot Noir du Vully. [...]Lire la suite...","thumbnail_url":"default"}

Région de Fribourg

<blockquote class="wp-embedded-content" data-secret="ex6eSN7GEc"><a href="https://fribourg.ch/fr/terroir-fribourg/produits/mont-vully/">Mont-Vully</a></blockquote><iframe sandbox="allow-scripts" security="restricted" src="https://fribourg.ch/fr/terroir-fribourg/produits/mont-vully/embed/#?secret=ex6eSN7GEc" width="600" height="338" title="« Mont-Vully » &#8212; Région de Fribourg" data-secret="ex6eSN7GEc" frameborder="0" marginwidth="0" marginheight="0" scrolling="no" class="wp-embedded-content"></iframe><script type="text/javascript">
/* <![CDATA[ */
/*! This file is auto-generated */
!function(d,l){"use strict";l.querySelector&&d.addEventListener&&"undefined"!=typeof URL&&(d.wp=d.wp||{},d.wp.receiveEmbedMessage||(d.wp.receiveEmbedMessage=function(e){var t=e.data;if((t||t.secret||t.message||t.value)&&!/[^a-zA-Z0-9]/.test(t.secret)){for(var s,r,n,a=l.querySelectorAll('iframe[data-secret="'+t.secret+'"]'),o=l.querySelectorAll('blockquote[data-secret="'+t.secret+'"]'),c=new RegExp("^https?:$","i"),i=0;i<o.length;i++)o[i].style.display="none";for(i=0;i<a.length;i++)s=a[i],e.source===s.contentWindow&&(s.removeAttribute("style"),"height"===t.message?(1e3<(r=parseInt(t.value,10))?r=1e3:~~r<200&&(r=200),s.height=r):"link"===t.message&&(r=new URL(s.getAttribute("src")),n=new URL(t.value),c.test(n.protocol))&&n.host===r.host&&l.activeElement===s&&(d.top.location.href=t.value))}},d.addEventListener("message",d.wp.receiveEmbedMessage,!1),l.addEventListener("DOMContentLoaded",function(){for(var e,t,s=l.querySelectorAll("iframe.wp-embedded-content"),r=0;r<s.length;r++)(t=(e=s[r]).getAttribute("data-secret"))||(t=Math.random().toString(36).substring(2,12),e.src+="#?secret="+t,e.setAttribute("data-secret",t)),e.contentWindow.postMessage({message:"ready",secret:t},"*")},!1)))}(window,document);
/* ]]> */
</script>

La première meule de « Mont-Vully » voit le jour en 1994 à la fromagerie de Cressier. Son créateur est M. Edwald Schafer, fromager diplômé de Grangeneuve et ingénieur en agriculture à Zollikofen. Pour ce qui est des particularités du « Mont-Vully », ce fromage à pâte mi-dure voit sa croûte lavée et frottée au Pinot Noir du Vully. [...]Lire la suite...
