{"version":"1.0","provider_name":"R\u00e9gion de Fribourg","provider_url":"https:\/\/fribourg.ch\/fr\/","title":"R\u00e9mi Bonnet, champion de trail et ski alpinisme","type":"rich","width":600,"height":338,"html":"<blockquote class=\"wp-embedded-content\" data-secret=\"Mmcj7GwZQH\"><a href=\"https:\/\/fribourg.ch\/fr\/uft-ftv\/fier-de-fribourg\/remi-bonnet\/\">R\u00e9mi Bonnet, champion de trail et ski alpinisme<\/a><\/blockquote><iframe sandbox=\"allow-scripts\" security=\"restricted\" src=\"https:\/\/fribourg.ch\/fr\/uft-ftv\/fier-de-fribourg\/remi-bonnet\/embed\/#?secret=Mmcj7GwZQH\" width=\"600\" height=\"338\" title=\"\u00ab\u00a0R\u00e9mi Bonnet, champion de trail et ski alpinisme\u00a0\u00bb &#8212; R\u00e9gion de Fribourg\" data-secret=\"Mmcj7GwZQH\" frameborder=\"0\" marginwidth=\"0\" marginheight=\"0\" scrolling=\"no\" class=\"wp-embedded-content\"><\/iframe><script type=\"text\/javascript\">\n\/* <![CDATA[ *\/\n\/*! This file is auto-generated *\/\n!function(d,l){\"use strict\";l.querySelector&&d.addEventListener&&\"undefined\"!=typeof URL&&(d.wp=d.wp||{},d.wp.receiveEmbedMessage||(d.wp.receiveEmbedMessage=function(e){var t=e.data;if((t||t.secret||t.message||t.value)&&!\/[^a-zA-Z0-9]\/.test(t.secret)){for(var s,r,n,a=l.querySelectorAll('iframe[data-secret=\"'+t.secret+'\"]'),o=l.querySelectorAll('blockquote[data-secret=\"'+t.secret+'\"]'),c=new RegExp(\"^https?:$\",\"i\"),i=0;i<o.length;i++)o[i].style.display=\"none\";for(i=0;i<a.length;i++)s=a[i],e.source===s.contentWindow&&(s.removeAttribute(\"style\"),\"height\"===t.message?(1e3<(r=parseInt(t.value,10))?r=1e3:~~r<200&&(r=200),s.height=r):\"link\"===t.message&&(r=new URL(s.getAttribute(\"src\")),n=new URL(t.value),c.test(n.protocol))&&n.host===r.host&&l.activeElement===s&&(d.top.location.href=t.value))}},d.addEventListener(\"message\",d.wp.receiveEmbedMessage,!1),l.addEventListener(\"DOMContentLoaded\",function(){for(var e,t,s=l.querySelectorAll(\"iframe.wp-embedded-content\"),r=0;r<s.length;r++)(t=(e=s[r]).getAttribute(\"data-secret\"))||(t=Math.random().toString(36).substring(2,12),e.src+=\"#?secret=\"+t,e.setAttribute(\"data-secret\",t)),e.contentWindow.postMessage({message:\"ready\",secret:t},\"*\")},!1)))}(window,document);\n\/* ]]> *\/\n<\/script>\n","thumbnail_url":"https:\/\/fribourg.ch\/wp-content\/uploads\/2023\/10\/Remi-Bonnet_NEW.jpg","thumbnail_width":1920,"thumbnail_height":1080,"description":"Et\u00e9 comme hiver, R\u00e9mi Bonnet peut assouvir sa passion de la montagne en pratiquant ses sports favoris. Au fil des ans et des comp\u00e9titions, il r\u00e9ussit \u00e0 atteindre la plupart des objectifs qu\u2019il s\u2019\u00e9tait fix\u00e9s au d\u00e9but de sa jeune carri\u00e8re&nbsp;: multiple champion du monde en ski alpinisme, vainqueur de la Patrouille des Glaciers 2022 [...]Lire la suite..."}

Région de Fribourg

Rémi Bonnet, champion de trail et ski alpinisme

<blockquote class="wp-embedded-content" data-secret="Mmcj7GwZQH"><a href="https://fribourg.ch/fr/uft-ftv/fier-de-fribourg/remi-bonnet/">Rémi Bonnet, champion de trail et ski alpinisme</a></blockquote><iframe sandbox="allow-scripts" security="restricted" src="https://fribourg.ch/fr/uft-ftv/fier-de-fribourg/remi-bonnet/embed/#?secret=Mmcj7GwZQH" width="600" height="338" title="« Rémi Bonnet, champion de trail et ski alpinisme » &#8212; Région de Fribourg" data-secret="Mmcj7GwZQH" frameborder="0" marginwidth="0" marginheight="0" scrolling="no" class="wp-embedded-content"></iframe><script type="text/javascript">
/* <![CDATA[ */
/*! This file is auto-generated */
!function(d,l){"use strict";l.querySelector&&d.addEventListener&&"undefined"!=typeof URL&&(d.wp=d.wp||{},d.wp.receiveEmbedMessage||(d.wp.receiveEmbedMessage=function(e){var t=e.data;if((t||t.secret||t.message||t.value)&&!/[^a-zA-Z0-9]/.test(t.secret)){for(var s,r,n,a=l.querySelectorAll('iframe[data-secret="'+t.secret+'"]'),o=l.querySelectorAll('blockquote[data-secret="'+t.secret+'"]'),c=new RegExp("^https?:$","i"),i=0;i<o.length;i++)o[i].style.display="none";for(i=0;i<a.length;i++)s=a[i],e.source===s.contentWindow&&(s.removeAttribute("style"),"height"===t.message?(1e3<(r=parseInt(t.value,10))?r=1e3:~~r<200&&(r=200),s.height=r):"link"===t.message&&(r=new URL(s.getAttribute("src")),n=new URL(t.value),c.test(n.protocol))&&n.host===r.host&&l.activeElement===s&&(d.top.location.href=t.value))}},d.addEventListener("message",d.wp.receiveEmbedMessage,!1),l.addEventListener("DOMContentLoaded",function(){for(var e,t,s=l.querySelectorAll("iframe.wp-embedded-content"),r=0;r<s.length;r++)(t=(e=s[r]).getAttribute("data-secret"))||(t=Math.random().toString(36).substring(2,12),e.src+="#?secret="+t,e.setAttribute("data-secret",t)),e.contentWindow.postMessage({message:"ready",secret:t},"*")},!1)))}(window,document);
/* ]]> */
</script>

Eté comme hiver, Rémi Bonnet peut assouvir sa passion de la montagne en pratiquant ses sports favoris. Au fil des ans et des compétitions, il réussit à atteindre la plupart des objectifs qu’il s’était fixés au début de sa jeune carrière&nbsp;: multiple champion du monde en ski alpinisme, vainqueur de la Patrouille des Glaciers 2022 [...]Lire la suite...
